CRAN Package Check Results for Package hpa

Last updated on 2025-01-16 06:49:16 CET.

Flavor Version Tinstall Tcheck Ttotal Status Flags
r-devel-linux-x86_64-debian-clang 1.3.3 189.73 34.28 224.01 OK
r-devel-linux-x86_64-debian-gcc 1.3.3 132.69 25.72 158.41 OK
r-devel-linux-x86_64-fedora-clang 1.3.3 359.70 OK
r-devel-linux-x86_64-fedora-gcc 1.3.3 457.81 OK
r-devel-windows-x86_64 1.3.3 175.00 95.00 270.00 OK
r-patched-linux-x86_64 1.3.3 197.77 32.86 230.63 OK
r-release-linux-x86_64 1.3.3 188.63 33.03 221.66 OK
r-release-macos-arm64 1.3.3 80.00 NOTE
r-release-macos-x86_64 1.3.3 71.00 NOTE
r-release-windows-x86_64 1.3.3 170.00 86.00 256.00 OK
r-oldrel-macos-arm64 1.3.3 84.00 NOTE
r-oldrel-macos-x86_64 1.3.3 102.00 NOTE
r-oldrel-windows-x86_64 1.3.3 211.00 99.00 310.00 OK

Check Details

Version: 1.3.3
Check: installed package size
Result: NOTE installed size is 15.1Mb sub-directories of 1Mb or more: libs 14.8Mb Flavors: r-release-macos-arm64, r-release-macos-x86_64, r-oldrel-macos-arm64, r-oldrel-macos-x86_64