CRAN Package Check Results for Package hsphase

Last updated on 2020-08-06 06:48:32 CEST.

Flavor Version Tinstall Tcheck Ttotal Status Flags
r-devel-linux-x86_64-debian-clang 2.0.2 72.05 52.91 124.96 OK
r-devel-linux-x86_64-debian-gcc 2.0.2 51.16 39.39 90.55 OK
r-devel-linux-x86_64-fedora-clang 2.0.2 177.26 NOTE
r-devel-linux-x86_64-fedora-gcc 2.0.2 153.63 NOTE
r-devel-windows-ix86+x86_64 2.0.2 179.00 97.00 276.00 OK
r-patched-linux-x86_64 2.0.2 49.27 52.60 101.87 OK
r-patched-solaris-x86 2.0.2 147.50 OK
r-release-linux-x86_64 2.0.2 54.23 52.92 107.15 OK
r-release-macos-x86_64 2.0.2 OK
r-release-windows-ix86+x86_64 2.0.2 179.00 124.00 303.00 OK
r-oldrel-macos-x86_64 2.0.2 OK
r-oldrel-windows-ix86+x86_64 2.0.2 127.00 113.00 240.00 OK

Check Details

Version: 2.0.2
Check: compiled code
Result: NOTE
    File ‘hsphase/libs/hsphase.so’:
     Found no calls to: ‘R_registerRoutines’, ‘R_useDynamicSymbols’
    
    It is good practice to register native routines and to disable symbol
    search.
    
    See ‘Writing portable packages’ in the ‘Writing R Extensions’ manual.
Flavors: r-devel-linux-x86_64-fedora-clang, r-devel-linux-x86_64-fedora-gcc