CRAN Package Check Results for Package html2R

Last updated on 2023-03-25 05:50:34 CET.

Flavor Version Tinstall Tcheck Ttotal Status Flags
r-devel-linux-x86_64-debian-clang 0.1.0 4.80 38.96 43.76 NOTE
r-devel-linux-x86_64-debian-gcc 0.1.0 3.55 30.18 33.73 NOTE
r-devel-linux-x86_64-fedora-clang 0.1.0 57.75 NOTE
r-devel-linux-x86_64-fedora-gcc 0.1.0 52.69 NOTE
r-patched-linux-x86_64 0.1.0 3.49 38.76 42.25 NOTE
r-release-linux-x86_64 0.1.0 4.90 38.94 43.84 NOTE
r-release-macos-arm64 0.1.0 21.00 NOTE
r-release-macos-x86_64 0.1.0 36.00 NOTE
r-release-windows-x86_64 0.1.0 20.00 74.00 94.00 NOTE
r-oldrel-macos-arm64 0.1.0 25.00 NOTE
r-oldrel-macos-x86_64 0.1.0 35.00 NOTE
r-oldrel-windows-ix86+x86_64 0.1.0 12.00 70.00 82.00 NOTE

Check Details

Version: 0.1.0
Check: LazyData
Result: NOTE
     'LazyData' is specified without a 'data' directory
Flavors: r-devel-linux-x86_64-debian-clang, r-devel-linux-x86_64-debian-gcc, r-devel-linux-x86_64-fedora-clang, r-devel-linux-x86_64-fedora-gcc, r-patched-linux-x86_64, r-release-linux-x86_64, r-release-macos-arm64, r-release-macos-x86_64, r-release-windows-x86_64, r-oldrel-macos-arm64, r-oldrel-macos-x86_64, r-oldrel-windows-ix86+x86_64