Last updated on 2025-06-14 06:49:58 CEST.
Flavor | Version | Tinstall | Tcheck | Ttotal | Status | Flags |
---|---|---|---|---|---|---|
r-devel-linux-x86_64-debian-clang | 1.6.16 | 93.75 | 37.91 | 131.66 | OK | |
r-devel-linux-x86_64-debian-gcc | 1.6.16 | 68.95 | 31.16 | 100.11 | OK | |
r-devel-linux-x86_64-fedora-clang | 1.6.16 | 257.32 | OK | |||
r-devel-linux-x86_64-fedora-gcc | 1.6.16 | 235.15 | OK | |||
r-devel-windows-x86_64 | 1.6.16 | 178.00 | 111.00 | 289.00 | OK | |
r-patched-linux-x86_64 | 1.6.16 | 101.26 | 35.29 | 136.55 | OK | |
r-release-linux-x86_64 | 1.6.16 | 100.36 | 35.88 | 136.24 | OK | |
r-release-macos-arm64 | 1.6.16 | 127.00 | OK | |||
r-release-macos-x86_64 | 1.6.16 | 142.00 | OK | |||
r-release-windows-x86_64 | 1.6.16 | 177.00 | 117.00 | 294.00 | OK | |
r-oldrel-macos-arm64 | 1.6.16 | 140.00 | NOTE | |||
r-oldrel-macos-x86_64 | 1.6.16 | 149.00 | NOTE | |||
r-oldrel-windows-x86_64 | 1.6.16 | 206.00 | 99.00 | 305.00 | NOTE |
Version: 1.6.16
Check: installed package size
Result: NOTE
installed size is 9.7Mb
sub-directories of 1Mb or more:
libs 9.3Mb
Flavors: r-oldrel-macos-arm64, r-oldrel-macos-x86_64
Version: 1.6.16
Check: for GNU extensions in Makefiles
Result: NOTE
GNU make is a SystemRequirements.
Flavors: r-oldrel-macos-arm64, r-oldrel-macos-x86_64, r-oldrel-windows-x86_64