CRAN Package Check Results for Package httpuv

Last updated on 2020-12-01 06:50:04 CET.

Flavor Version Tinstall Tcheck Ttotal Status Flags
r-devel-linux-x86_64-debian-clang 1.5.4 353.45 40.77 394.22 NOTE
r-devel-linux-x86_64-debian-gcc 1.5.4 190.17 34.73 224.90 NOTE
r-devel-linux-x86_64-fedora-clang 1.5.4 449.00 NOTE
r-devel-linux-x86_64-fedora-gcc 1.5.4 399.66 NOTE
r-devel-windows-ix86+x86_64 1.5.4 677.00 98.00 775.00 NOTE
r-patched-linux-x86_64 1.5.4 473.45 42.94 516.39 NOTE
r-patched-solaris-x86 1.5.4 329.60 NOTE
r-release-linux-x86_64 1.5.4 222.11 39.65 261.76 NOTE
r-release-macos-x86_64 1.5.4 NOTE
r-release-windows-ix86+x86_64 1.5.4 532.00 83.00 615.00 NOTE
r-oldrel-macos-x86_64 1.5.4 NOTE
r-oldrel-windows-ix86+x86_64 1.5.4 491.00 97.00 588.00 NOTE

Check Details

Version: 1.5.4
Check: for GNU extensions in Makefiles
Result: NOTE
    GNU make is a SystemRequirements.
Flavors: r-devel-linux-x86_64-debian-clang, r-devel-linux-x86_64-debian-gcc, r-devel-linux-x86_64-fedora-clang, r-devel-linux-x86_64-fedora-gcc, r-devel-windows-ix86+x86_64, r-patched-linux-x86_64, r-patched-solaris-x86, r-release-linux-x86_64, r-release-macos-x86_64, r-release-windows-ix86+x86_64, r-oldrel-macos-x86_64, r-oldrel-windows-ix86+x86_64

Version: 1.5.4
Check: installed package size
Result: NOTE
     installed size is 10.5Mb
     sub-directories of 1Mb or more:
     libs 10.1Mb
Flavors: r-devel-linux-x86_64-fedora-clang, r-release-macos-x86_64, r-oldrel-macos-x86_64