CRAN Package Check Results for Package humanize

Last updated on 2022-10-03 07:49:59 CEST.

Flavor Version Tinstall Tcheck Ttotal Status Flags
r-devel-linux-x86_64-debian-clang 0.2.0 3.06 35.03 38.09 NOTE
r-devel-linux-x86_64-debian-gcc 0.2.0 2.52 27.15 29.67 NOTE
r-devel-linux-x86_64-fedora-clang 0.2.0 59.46 NOTE
r-devel-linux-x86_64-fedora-gcc 0.2.0 69.18 NOTE
r-devel-windows-x86_64 0.2.0 7.00 60.00 67.00 NOTE
r-patched-linux-x86_64 0.2.0 2.44 33.29 35.73 NOTE
r-release-linux-x86_64 0.2.0 2.78 33.67 36.45 NOTE
r-release-macos-arm64 0.2.0 22.00 NOTE
r-release-macos-x86_64 0.2.0 30.00 NOTE
r-release-windows-x86_64 0.2.0 14.00 57.00 71.00 NOTE
r-oldrel-macos-arm64 0.2.0 26.00 NOTE
r-oldrel-macos-x86_64 0.2.0 60.00 NOTE
r-oldrel-windows-ix86+x86_64 0.2.0 7.00 58.00 65.00 NOTE

Check Details

Version: 0.2.0
Check: LazyData
Result: NOTE
     'LazyData' is specified without a 'data' directory
Flavors: r-devel-linux-x86_64-debian-clang, r-devel-linux-x86_64-debian-gcc, r-devel-linux-x86_64-fedora-clang, r-devel-linux-x86_64-fedora-gcc, r-devel-windows-x86_64, r-patched-linux-x86_64, r-release-linux-x86_64, r-release-macos-arm64, r-release-macos-x86_64, r-release-windows-x86_64, r-oldrel-macos-arm64, r-oldrel-macos-x86_64, r-oldrel-windows-ix86+x86_64