Last updated on 2025-01-22 07:50:26 CET.
Flavor | Version | Tinstall | Tcheck | Ttotal | Status | Flags |
---|---|---|---|---|---|---|
r-devel-linux-x86_64-debian-clang | 3.0.5 | 42.67 | 34.48 | 77.15 | OK | |
r-devel-linux-x86_64-debian-gcc | 3.0.5 | 35.69 | 27.93 | 63.62 | OK | |
r-devel-linux-x86_64-fedora-clang | 3.0.5 | 176.92 | OK | |||
r-devel-linux-x86_64-fedora-gcc | 3.0.5 | 178.15 | OK | |||
r-devel-windows-x86_64 | 3.0.5 | 54.00 | 85.00 | 139.00 | OK | |
r-patched-linux-x86_64 | 3.0.5 | 46.77 | 34.29 | 81.06 | OK | |
r-release-linux-x86_64 | 3.0.5 | 47.44 | 34.06 | 81.50 | OK | |
r-release-macos-arm64 | 3.0.5 | 60.00 | NOTE | |||
r-release-macos-x86_64 | 3.0.5 | 98.00 | NOTE | |||
r-release-windows-x86_64 | 3.0.5 | 60.00 | 83.00 | 143.00 | OK | |
r-oldrel-macos-arm64 | 3.0.5 | 63.00 | NOTE | |||
r-oldrel-macos-x86_64 | 3.0.5 | 107.00 | NOTE | |||
r-oldrel-windows-x86_64 | 3.0.5 | 61.00 | 90.00 | 151.00 | OK |
Version: 3.0.5
Check: installed package size
Result: NOTE
installed size is 7.9Mb
sub-directories of 1Mb or more:
dict 1.5Mb
libs 5.4Mb
Flavors: r-release-macos-arm64, r-release-macos-x86_64, r-oldrel-macos-arm64, r-oldrel-macos-x86_64