Last updated on 2021-01-28 06:49:56 CET.
Flavor | Version | Tinstall | Tcheck | Ttotal | Status | Flags |
---|---|---|---|---|---|---|
r-devel-linux-x86_64-debian-clang | 5.1.1 | 14.11 | 183.73 | 197.84 | OK | |
r-devel-linux-x86_64-debian-gcc | 5.1.1 | 11.99 | 132.03 | 144.02 | OK | |
r-devel-linux-x86_64-fedora-clang | 5.1.1 | 250.13 | NOTE | |||
r-devel-linux-x86_64-fedora-gcc | 5.1.1 | 255.13 | NOTE | |||
r-devel-windows-ix86+x86_64 | 5.1.1 | 30.00 | 189.00 | 219.00 | OK | |
r-patched-linux-x86_64 | 5.1.1 | 15.33 | 173.40 | 188.73 | OK | |
r-patched-solaris-x86 | 5.1.1 | 275.50 | NOTE | |||
r-release-linux-x86_64 | 5.1.1 | 12.55 | 175.31 | 187.86 | OK | |
r-release-macos-x86_64 | 5.1.1 | NOTE | ||||
r-release-windows-ix86+x86_64 | 5.1.1 | 28.00 | 171.00 | 199.00 | OK | |
r-oldrel-macos-x86_64 | 5.1.1 | NOTE | ||||
r-oldrel-windows-ix86+x86_64 | 5.1.1 | 22.00 | 233.00 | 255.00 | OK |
Version: 5.1.1
Check: dependencies in R code
Result: NOTE
Namespaces in Imports field not imported from:
‘R6’ ‘xml2’
All declared Imports should be used.
Flavors: r-devel-linux-x86_64-fedora-clang, r-devel-linux-x86_64-fedora-gcc, r-patched-solaris-x86, r-release-macos-x86_64, r-oldrel-macos-x86_64