CRAN Package Check Results for Package hydroTSM

Last updated on 2020-08-11 06:47:22 CEST.

Flavor Version Tinstall Tcheck Ttotal Status Flags
r-devel-linux-x86_64-debian-clang 0.6-0 11.91 94.31 106.22 OK
r-devel-linux-x86_64-debian-gcc 0.6-0 9.17 72.36 81.53 OK
r-devel-linux-x86_64-fedora-clang 0.6-0 134.00 NOTE
r-devel-linux-x86_64-fedora-gcc 0.6-0 132.69 OK
r-devel-windows-ix86+x86_64 0.6-0 34.00 201.00 235.00 OK
r-patched-linux-x86_64 0.6-0 13.62 93.70 107.32 OK
r-patched-solaris-x86 0.6-0 186.10 OK
r-release-linux-x86_64 0.6-0 12.47 93.20 105.67 OK
r-release-macos-x86_64 0.6-0 OK
r-release-windows-ix86+x86_64 0.6-0 39.00 205.00 244.00 OK
r-oldrel-macos-x86_64 0.6-0 OK
r-oldrel-windows-ix86+x86_64 0.6-0 23.00 142.00 165.00 OK

Check Details

Version: 0.6-0
Check: Rd cross-references
Result: NOTE
    Undeclared package ‘rgdal’ in Rd xrefs
Flavor: r-devel-linux-x86_64-fedora-clang