CRAN Package Check Results for Package hystReet

Last updated on 2020-08-13 06:47:30 CEST.

Flavor Version Tinstall Tcheck Ttotal Status Flags
r-devel-linux-x86_64-debian-clang 0.0.2 3.64 40.14 43.78 OK
r-devel-linux-x86_64-debian-gcc 0.0.2 2.82 30.74 33.56 OK
r-devel-linux-x86_64-fedora-clang 0.0.2 60.13 NOTE
r-devel-linux-x86_64-fedora-gcc 0.0.2 51.14 NOTE
r-devel-windows-ix86+x86_64 0.0.2 10.00 81.00 91.00 OK
r-patched-linux-x86_64 0.0.2 3.57 39.12 42.69 OK
r-patched-solaris-x86 0.0.2 76.20 NOTE
r-release-linux-x86_64 0.0.2 4.07 39.51 43.58 OK
r-release-macos-x86_64 0.0.2 NOTE
r-release-windows-ix86+x86_64 0.0.2 14.00 78.00 92.00 OK
r-oldrel-macos-x86_64 0.0.2 NOTE
r-oldrel-windows-ix86+x86_64 0.0.2 8.00 58.00 66.00 OK

Check Details

Version: 0.0.2
Check: data for non-ASCII characters
Result: NOTE
     Note: found 26215 marked UTF-8 strings
Flavors: r-devel-linux-x86_64-fedora-clang, r-devel-linux-x86_64-fedora-gcc, r-patched-solaris-x86, r-release-macos-x86_64, r-oldrel-macos-x86_64