CRAN Package Check Results for Package hystReet

Last updated on 2022-10-01 07:07:59 CEST.

Flavor Version Tinstall Tcheck Ttotal Status Flags
r-devel-linux-x86_64-debian-clang 0.0.2 3.70 45.37 49.07 OK
r-devel-linux-x86_64-debian-gcc 0.0.2 2.78 34.59 37.37 OK
r-devel-linux-x86_64-fedora-clang 0.0.2 70.56 NOTE
r-devel-linux-x86_64-fedora-gcc 0.0.2 68.78 NOTE
r-devel-windows-x86_64 0.0.2 23.00 76.00 99.00 OK
r-patched-linux-x86_64 0.0.2 3.25 43.52 46.77 OK
r-release-linux-x86_64 0.0.2 3.13 42.83 45.96 OK
r-release-macos-arm64 0.0.2 24.00 NOTE
r-release-macos-x86_64 0.0.2 34.00 NOTE
r-release-windows-x86_64 0.0.2 14.00 79.00 93.00 OK
r-oldrel-macos-arm64 0.0.2 26.00 NOTE
r-oldrel-macos-x86_64 0.0.2 44.00 NOTE
r-oldrel-windows-ix86+x86_64 0.0.2 8.00 70.00 78.00 OK

Check Details

Version: 0.0.2
Check: data for non-ASCII characters
Result: NOTE
     Note: found 26215 marked UTF-8 strings
Flavors: r-devel-linux-x86_64-fedora-clang, r-devel-linux-x86_64-fedora-gcc, r-release-macos-arm64, r-release-macos-x86_64, r-oldrel-macos-arm64, r-oldrel-macos-x86_64