Last updated on 2022-08-13 07:11:36 CEST.
Flavor | Version | Tinstall | Tcheck | Ttotal | Status | Flags |
---|---|---|---|---|---|---|
r-devel-linux-x86_64-debian-clang | 1.3.1 | 307.79 | 76.91 | 384.70 | OK | |
r-devel-linux-x86_64-debian-gcc | 1.3.1 | 262.28 | 58.12 | 320.40 | OK | |
r-devel-linux-x86_64-fedora-clang | 1.3.1 | 626.79 | NOTE | |||
r-devel-linux-x86_64-fedora-gcc | 1.3.1 | 539.35 | NOTE | |||
r-devel-windows-x86_64 | 1.3.1 | 250.00 | 117.00 | 367.00 | OK | |
r-patched-linux-x86_64 | 1.3.1 | 261.24 | 73.50 | 334.74 | OK | |
r-release-linux-x86_64 | 1.3.1 | 266.07 | 74.27 | 340.34 | OK | |
r-release-macos-arm64 | 1.3.1 | 116.00 | NOTE | |||
r-release-macos-x86_64 | 1.3.1 | 152.00 | NOTE | |||
r-release-windows-x86_64 | 1.3.1 | 241.00 | 131.00 | 372.00 | OK | |
r-oldrel-macos-arm64 | 1.3.1 | 121.00 | NOTE | |||
r-oldrel-macos-x86_64 | 1.3.1 | 242.00 | NOTE | |||
r-oldrel-windows-ix86+x86_64 | 1.3.1 | 836.00 | 143.00 | 979.00 | NOTE |
Version: 1.3.1
Check: installed package size
Result: NOTE
installed size is 7.4Mb
sub-directories of 1Mb or more:
data 3.0Mb
libs 4.2Mb
Flavors: r-devel-linux-x86_64-fedora-clang, r-release-macos-arm64, r-release-macos-x86_64, r-oldrel-macos-arm64, r-oldrel-macos-x86_64, r-oldrel-windows-ix86+x86_64
Version: 1.3.1
Check: compiled code
Result: NOTE
File ‘iBATCGH/libs/iBATCGH.so’:
Found no calls to: ‘R_registerRoutines’, ‘R_useDynamicSymbols’
It is good practice to register native routines and to disable symbol
search.
See ‘Writing portable packages’ in the ‘Writing R Extensions’ manual.
Flavors: r-devel-linux-x86_64-fedora-clang, r-devel-linux-x86_64-fedora-gcc