CRAN Package Check Results for Package iClick

Last updated on 2020-09-22 06:47:28 CEST.

Flavor Version Tinstall Tcheck Ttotal Status Flags
r-devel-linux-x86_64-debian-clang 1.5 14.35 96.30 110.65 OK
r-devel-linux-x86_64-debian-gcc 1.5 0.34 1.97 2.31 ERROR
r-devel-linux-x86_64-fedora-clang 1.5 147.62 OK
r-devel-linux-x86_64-fedora-gcc 1.5 137.25 OK
r-devel-windows-ix86+x86_64 1.5 29.00 101.00 130.00 OK
r-patched-linux-x86_64 1.5 8.60 95.18 103.78 OK
r-patched-solaris-x86 1.5 203.10 OK
r-release-linux-x86_64 1.5 13.65 94.44 108.09 OK
r-release-macos-x86_64 1.5 OK
r-release-windows-ix86+x86_64 1.5 27.00 125.00 152.00 OK
r-oldrel-macos-x86_64 1.5 ERROR
r-oldrel-windows-ix86+x86_64 1.5 16.00 118.00 134.00 OK

Check Details

Version: 1.5
Check: whether package can be installed
Result: ERROR
    Installation failed.
Flavor: r-devel-linux-x86_64-debian-gcc

Version: 1.5
Check: examples
Result: ERROR
    Running examples in ‘iClick-Ex.R’ failed
    The error most likely occurred in:
    
    > ### Name: iClick.ARIMA
    > ### Title: iClick GUI for ARIMA
    > ### Aliases: iClick.ARIMA
    >
    > ### ** Examples
    >
    >
    > ##External data
    > data("world20")
    > y=na.omit(diff(log(world20[,1])))
    >
    > ## Simulation data
    > #dat=rnorm(200,5,1)
    > #y=ts(dat, start = c(1970, 1), frequency = 12)
    >
    > iClick.ARIMA(y)
    Error in structure(.External(.C_dotTclObjv, objv), class = "tclObj") :
     [tcl] invalid command name "toplevel".
    Calls: iClick.ARIMA ... tktoplevel -> tkwidget -> tcl -> .Tcl.objv -> structure
    Execution halted
Flavor: r-oldrel-macos-x86_64