CRAN Package Check Results for Package iIneq

Last updated on 2023-03-25 05:50:34 CET.

Flavor Version Tinstall Tcheck Ttotal Status Flags
r-devel-linux-x86_64-debian-clang 1.0.2 2.59 22.27 24.86 NOTE
r-devel-linux-x86_64-debian-gcc 1.0.2 1.56 17.68 19.24 NOTE
r-devel-linux-x86_64-fedora-clang 1.0.2 33.16 NOTE
r-devel-linux-x86_64-fedora-gcc 1.0.2 29.60 NOTE
r-patched-linux-x86_64 1.0.2 2.43 23.92 26.35 NOTE
r-release-linux-x86_64 1.0.2 1.95 23.90 25.85 NOTE
r-release-macos-arm64 1.0.2 17.00 NOTE
r-release-macos-x86_64 1.0.2 20.00 NOTE
r-release-windows-x86_64 1.0.2 7.00 55.00 62.00 NOTE
r-oldrel-macos-arm64 1.0.2 23.00 NOTE
r-oldrel-macos-x86_64 1.0.2 27.00 NOTE
r-oldrel-windows-ix86+x86_64 1.0.2 5.00 52.00 57.00 NOTE

Check Details

Version: 1.0.2
Check: LazyData
Result: NOTE
     'LazyData' is specified without a 'data' directory
Flavors: r-devel-linux-x86_64-debian-clang, r-devel-linux-x86_64-debian-gcc, r-devel-linux-x86_64-fedora-clang, r-devel-linux-x86_64-fedora-gcc, r-patched-linux-x86_64, r-release-linux-x86_64, r-release-macos-arm64, r-release-macos-x86_64, r-release-windows-x86_64, r-oldrel-macos-arm64, r-oldrel-macos-x86_64, r-oldrel-windows-ix86+x86_64