CRAN Package Check Results for Package iMRMC

Last updated on 2022-01-22 06:48:55 CET.

Flavor Version Tinstall Tcheck Ttotal Status Flags
r-devel-linux-x86_64-debian-clang 1.2.3 3.76 59.71 63.47 OK
r-devel-linux-x86_64-debian-gcc 1.2.3 2.49 45.20 47.69 OK
r-devel-linux-x86_64-fedora-clang 1.2.3 74.85 NOTE
r-devel-linux-x86_64-fedora-gcc 1.2.3 63.51 OK
r-devel-windows-x86_64-new-UL 1.2.3 111.00 67.00 178.00 NOTE
r-devel-windows-x86_64-new-TK 1.2.3 OK
r-patched-linux-x86_64 1.2.3 4.62 58.04 62.66 OK
r-release-linux-x86_64 1.2.3 2.63 59.23 61.86 OK
r-release-macos-arm64 1.2.3 NOTE
r-release-macos-x86_64 1.2.3 NOTE
r-release-windows-ix86+x86_64 1.2.3 8.00 56.00 64.00 NOTE
r-oldrel-macos-x86_64 1.2.3 NOTE
r-oldrel-windows-ix86+x86_64 1.2.3 8.00 59.00 67.00 NOTE

Check Details

Version: 1.2.3
Check: installed package size
Result: NOTE
     installed size is 5.3Mb
     sub-directories of 1Mb or more:
     java 4.2Mb
Flavors: r-devel-linux-x86_64-fedora-clang, r-devel-windows-x86_64-new-UL, r-release-macos-arm64, r-release-macos-x86_64, r-release-windows-ix86+x86_64, r-oldrel-macos-x86_64, r-oldrel-windows-ix86+x86_64