Last updated on 2023-04-02 06:50:29 CEST.
Flavor | Version | Tinstall | Tcheck | Ttotal | Status | Flags |
---|---|---|---|---|---|---|
r-devel-linux-x86_64-debian-clang | 0.0.2 | 2.80 | 30.98 | 33.78 | OK | |
r-devel-linux-x86_64-debian-gcc | 0.0.2 | 2.56 | 24.42 | 26.98 | OK | |
r-devel-linux-x86_64-fedora-clang | 0.0.2 | 43.47 | NOTE | |||
r-devel-linux-x86_64-fedora-gcc | 0.0.2 | 41.41 | NOTE | |||
r-devel-windows-x86_64 | 0.0.2 | 8.00 | 65.00 | 73.00 | OK | |
r-patched-linux-x86_64 | 0.0.2 | 3.33 | 30.57 | 33.90 | OK | |
r-release-linux-x86_64 | 0.0.2 | 2.61 | 33.29 | 35.90 | OK | |
r-release-macos-arm64 | 0.0.2 | 19.00 | NOTE | |||
r-release-macos-x86_64 | 0.0.2 | 30.00 | NOTE | |||
r-release-windows-x86_64 | 0.0.2 | 20.00 | 76.00 | 96.00 | OK | |
r-oldrel-macos-arm64 | 0.0.2 | 23.00 | NOTE | |||
r-oldrel-macos-x86_64 | 0.0.2 | 26.00 | NOTE | |||
r-oldrel-windows-ix86+x86_64 | 0.0.2 | 8.00 | 60.00 | 68.00 | OK |
Version: 0.0.2
Check: data for non-ASCII characters
Result: NOTE
Note: found 359 marked UTF-8 strings
Flavors: r-devel-linux-x86_64-fedora-clang, r-devel-linux-x86_64-fedora-gcc, r-release-macos-arm64, r-release-macos-x86_64, r-oldrel-macos-arm64, r-oldrel-macos-x86_64