Last updated on 2023-03-27 06:50:09 CEST.
Flavor | Version | Tinstall | Tcheck | Ttotal | Status | Flags |
---|---|---|---|---|---|---|
r-devel-linux-x86_64-debian-clang | 0.1.6 | 2.51 | 32.35 | 34.86 | NOTE | |
r-devel-linux-x86_64-debian-gcc | 0.1.6 | 1.52 | 26.19 | 27.71 | NOTE | |
r-devel-linux-x86_64-fedora-clang | 0.1.6 | 43.36 | NOTE | |||
r-devel-linux-x86_64-fedora-gcc | 0.1.6 | 41.50 | NOTE | |||
r-patched-linux-x86_64 | 0.1.6 | 2.09 | 32.25 | 34.34 | NOTE | |
r-release-linux-x86_64 | 0.1.6 | 2.35 | 31.89 | 34.24 | NOTE | |
r-release-macos-arm64 | 0.1.6 | 17.00 | NOTE | |||
r-release-macos-x86_64 | 0.1.6 | 24.00 | NOTE | |||
r-release-windows-x86_64 | 0.1.6 | 14.00 | 64.00 | 78.00 | NOTE | |
r-oldrel-macos-arm64 | 0.1.6 | 20.00 | NOTE | |||
r-oldrel-macos-x86_64 | 0.1.6 | 41.00 | NOTE | |||
r-oldrel-windows-ix86+x86_64 | 0.1.6 | 10.00 | 71.00 | 81.00 | NOTE |
Version: 0.1.6
Check: LazyData
Result: NOTE
'LazyData' is specified without a 'data' directory
Flavors: r-devel-linux-x86_64-debian-clang, r-devel-linux-x86_64-debian-gcc, r-devel-linux-x86_64-fedora-clang, r-devel-linux-x86_64-fedora-gcc, r-patched-linux-x86_64, r-release-linux-x86_64, r-release-macos-arm64, r-release-macos-x86_64, r-release-windows-x86_64, r-oldrel-macos-arm64, r-oldrel-macos-x86_64, r-oldrel-windows-ix86+x86_64
Version: 0.1.6
Check: R code for possible problems
Result: NOTE
Initiating curl with CURL_SSL_BACKEND: openssl
Flavor: r-oldrel-windows-ix86+x86_64