CRAN Package Check Results for Package icd.data

Last updated on 2020-08-05 06:47:25 CEST.

Flavor Version Tinstall Tcheck Ttotal Status Flags
r-devel-linux-x86_64-debian-clang 1.0 56.46 34.94 91.40 OK
r-devel-linux-x86_64-debian-gcc 1.0 50.85 28.02 78.87 OK
r-devel-linux-x86_64-fedora-clang 1.0 136.65 NOTE
r-devel-linux-x86_64-fedora-gcc 1.0 127.95 NOTE
r-devel-windows-ix86+x86_64 1.0 88.00 46.00 134.00 OK
r-patched-linux-x86_64 1.0 57.43 34.37 91.80 OK
r-patched-solaris-x86 1.0 270.50 NOTE
r-release-linux-x86_64 1.0 59.09 35.23 94.32 OK
r-release-macos-x86_64 1.0 NOTE
r-release-windows-ix86+x86_64 1.0 86.00 63.00 149.00 OK
r-oldrel-macos-x86_64 1.0 NOTE
r-oldrel-windows-ix86+x86_64 1.0 77.00 57.00 134.00 OK

Check Details

Version: 1.0
Check: data for non-ASCII characters
Result: NOTE
     Note: found 55 marked UTF-8 strings
Flavors: r-devel-linux-x86_64-fedora-clang, r-devel-linux-x86_64-fedora-gcc, r-patched-solaris-x86, r-release-macos-x86_64, r-oldrel-macos-x86_64