CRAN Package Check Results for Package icenReg

Last updated on 2021-06-13 06:49:52 CEST.

Flavor Version Tinstall Tcheck Ttotal Status Flags
r-devel-linux-x86_64-debian-clang 2.0.15 74.35 168.35 242.70 OK
r-devel-linux-x86_64-debian-gcc 2.0.15 56.07 123.95 180.02 OK
r-devel-linux-x86_64-fedora-clang 2.0.15 313.72 NOTE
r-devel-linux-x86_64-fedora-gcc 2.0.15 313.16 OK
r-devel-windows-x86_64 2.0.15 90.00 287.00 377.00 OK
r-devel-windows-x86_64-gcc10-UCRT 2.0.15 OK
r-patched-linux-x86_64 2.0.15 66.32 165.01 231.33 OK
r-patched-solaris-x86 2.0.15 393.40 OK
r-release-linux-x86_64 2.0.15 66.80 164.29 231.09 OK
r-release-macos-arm64 2.0.15 NOTE
r-release-macos-x86_64 2.0.15 NOTE
r-release-windows-ix86+x86_64 2.0.15 120.00 340.00 460.00 OK
r-oldrel-macos-x86_64 2.0.15 NOTE
r-oldrel-windows-ix86+x86_64 2.0.15 106.00 345.00 451.00 OK

Check Details

Version: 2.0.15
Check: installed package size
Result: NOTE
     installed size is 14.7Mb
     sub-directories of 1Mb or more:
     libs 13.3Mb
Flavors: r-devel-linux-x86_64-fedora-clang, r-release-macos-arm64, r-release-macos-x86_64, r-oldrel-macos-x86_64