CRAN Package Check Results for Package icosa

Last updated on 2021-01-16 06:51:09 CET.

Flavor Version Tinstall Tcheck Ttotal Status Flags
r-devel-linux-x86_64-debian-clang 0.10.1 52.27 237.76 290.03 OK
r-devel-linux-x86_64-debian-gcc 0.10.1 34.89 181.47 216.36 OK
r-devel-linux-x86_64-fedora-clang 0.10.1 393.92 OK
r-devel-linux-x86_64-fedora-gcc 0.10.1 375.83 OK
r-devel-windows-ix86+x86_64 0.10.1 85.00 135.00 220.00 OK --no-vignettes
r-patched-linux-x86_64 0.10.1 40.94 229.64 270.58 OK
r-patched-solaris-x86 0.10.1 298.70 OK
r-release-linux-x86_64 0.10.1 40.94 236.05 276.99 OK
r-release-macos-x86_64 0.10.1 OK
r-release-windows-ix86+x86_64 0.10.0 95.00 151.00 246.00 OK --no-vignettes
r-oldrel-macos-x86_64 0.10.1 WARN
r-oldrel-windows-ix86+x86_64 0.10.1 84.00 97.00 181.00 OK --no-vignettes

Check Details

Version: 0.10.1
Check: whether package can be installed
Result: WARN
    Found the following significant warnings:
     Warning: 'rgl.init' failed, running with 'rgl.useNULL = TRUE'.
Flavor: r-oldrel-macos-x86_64