CRAN Package Check Results for Package idendr0

Last updated on 2022-07-02 07:07:01 CEST.

Flavor Version Tinstall Tcheck Ttotal Status Flags
r-devel-linux-x86_64-debian-clang 1.5.3 6.43 39.01 45.44 NOTE
r-devel-linux-x86_64-debian-gcc 1.5.3 4.68 30.47 35.15 NOTE
r-devel-linux-x86_64-fedora-clang 1.5.3 68.90 NOTE
r-devel-linux-x86_64-fedora-gcc 1.5.3 68.93 NOTE
r-devel-windows-x86_64 1.5.3 32.00 68.00 100.00 NOTE
r-patched-linux-x86_64 1.5.3 6.60 41.39 47.99 NOTE
r-release-linux-x86_64 1.5.3 6.77 41.27 48.04 NOTE
r-release-macos-arm64 1.5.3 29.00 NOTE
r-release-macos-x86_64 1.5.3 40.00 NOTE
r-release-windows-x86_64 1.5.3 29.00 61.00 90.00 NOTE
r-oldrel-macos-arm64 1.5.3 43.00 NOTE
r-oldrel-macos-x86_64 1.5.3 78.00 NOTE
r-oldrel-windows-ix86+x86_64 1.5.3 9.00 53.00 62.00 OK

Check Details

Version: 1.5.3
Check: package dependencies
Result: NOTE
    Package suggested but not available for checking: 'rggobi'
Flavors: r-devel-linux-x86_64-debian-clang, r-devel-linux-x86_64-debian-gcc, r-devel-linux-x86_64-fedora-clang, r-devel-linux-x86_64-fedora-gcc, r-devel-windows-x86_64, r-patched-linux-x86_64, r-release-linux-x86_64, r-release-macos-arm64, r-release-macos-x86_64, r-release-windows-x86_64, r-oldrel-macos-arm64, r-oldrel-macos-x86_64