CRAN Package Check Results for Package ie2miscdata

Last updated on 2022-09-29 06:54:23 CEST.

Flavor Version Tinstall Tcheck Ttotal Status Flags
r-devel-linux-x86_64-debian-clang 1.0.2 3.41 44.25 47.66 OK
r-devel-linux-x86_64-debian-gcc 1.0.2 2.40 33.66 36.06 OK
r-devel-linux-x86_64-fedora-clang 1.0.2 71.60 NOTE
r-devel-linux-x86_64-fedora-gcc 1.0.2 65.46 NOTE
r-devel-windows-x86_64 1.0.2 84.00 95.00 179.00 OK
r-patched-linux-x86_64 1.0.2 4.29 41.74 46.03 OK
r-release-linux-x86_64 1.0.2 2.32 42.16 44.48 OK
r-release-macos-arm64 1.0.2 24.00 NOTE
r-release-macos-x86_64 1.0.2 38.00 NOTE
r-release-windows-x86_64 1.0.2 104.00 85.00 189.00 OK
r-oldrel-macos-arm64 1.0.2 33.00 NOTE
r-oldrel-macos-x86_64 1.0.2 39.00 NOTE
r-oldrel-windows-ix86+x86_64 1.0.2 10.00 76.00 86.00 OK

Check Details

Version: 1.0.2
Check: dependencies in R code
Result: NOTE
    Namespace in Imports field not imported from: ‘lubridate’
     All declared Imports should be used.
Flavors: r-devel-linux-x86_64-fedora-clang, r-devel-linux-x86_64-fedora-gcc, r-release-macos-arm64, r-release-macos-x86_64, r-oldrel-macos-arm64, r-oldrel-macos-x86_64

Version: 1.0.2
Check: data for non-ASCII characters
Result: NOTE
     Note: found 4 marked UTF-8 strings
Flavors: r-devel-linux-x86_64-fedora-clang, r-devel-linux-x86_64-fedora-gcc, r-release-macos-arm64, r-release-macos-x86_64, r-oldrel-macos-arm64, r-oldrel-macos-x86_64