Last updated on 2023-03-30 06:53:17 CEST.
Flavor | Version | Tinstall | Tcheck | Ttotal | Status | Flags |
---|---|---|---|---|---|---|
r-devel-linux-x86_64-debian-clang | 0.3.3 | 7.92 | 75.31 | 83.23 | OK | |
r-devel-linux-x86_64-debian-gcc | 0.3.3 | 5.86 | 55.46 | 61.32 | OK | |
r-devel-linux-x86_64-fedora-clang | 0.3.3 | 103.31 | NOTE | |||
r-devel-linux-x86_64-fedora-gcc | 0.3.3 | 112.27 | NOTE | |||
r-devel-windows-x86_64 | 0.3.3 | 20.00 | 0.00 | 20.00 | OK | |
r-patched-linux-x86_64 | 0.3.3 | 6.32 | 69.23 | 75.55 | OK | |
r-release-linux-x86_64 | 0.3.3 | 7.58 | 75.39 | 82.97 | OK | |
r-release-macos-arm64 | 0.3.3 | 31.00 | NOTE | |||
r-release-macos-x86_64 | 0.3.3 | 58.00 | NOTE | |||
r-release-windows-x86_64 | 0.3.3 | 18.00 | 106.00 | 124.00 | OK | |
r-oldrel-macos-arm64 | 0.3.3 | 37.00 | NOTE | |||
r-oldrel-macos-x86_64 | 0.3.3 | 54.00 | NOTE | |||
r-oldrel-windows-ix86+x86_64 | 0.3.3 | 19.00 | 116.00 | 135.00 | OK |
Version: 0.3.3
Check: dependencies in R code
Result: NOTE
Namespaces in Imports field not imported from:
‘kableExtra’ ‘knitr’ ‘xtable’
All declared Imports should be used.
Flavors: r-devel-linux-x86_64-fedora-clang, r-devel-linux-x86_64-fedora-gcc, r-release-macos-arm64, r-release-macos-x86_64, r-oldrel-macos-arm64, r-oldrel-macos-x86_64