CRAN Package Check Results for Package igraph

Last updated on 2020-09-19 06:47:07 CEST.

Flavor Version Tinstall Tcheck Ttotal Status Flags
r-devel-linux-x86_64-debian-clang 1.2.5 254.76 274.72 529.48 WARN
r-devel-linux-x86_64-debian-gcc 1.2.5 183.08 208.81 391.89 OK
r-devel-linux-x86_64-fedora-clang 1.2.5 713.75 WARN
r-devel-linux-x86_64-fedora-gcc 1.2.5 639.84 OK
r-devel-windows-ix86+x86_64 1.2.5 694.00 799.00 1493.00 NOTE
r-patched-linux-x86_64 1.2.5 192.95 274.75 467.70 OK
r-patched-solaris-x86 1.2.5 924.10 NOTE
r-release-linux-x86_64 1.2.5 196.79 277.01 473.80 OK
r-release-macos-x86_64 1.2.5 NOTE
r-release-windows-ix86+x86_64 1.2.5 732.00 733.00 1465.00 NOTE
r-oldrel-macos-x86_64 1.2.5 NOTE
r-oldrel-windows-ix86+x86_64 1.2.5 551.00 782.00 1333.00 NOTE

Check Details

Version: 1.2.5
Check: whether package can be installed
Result: WARN
    Found the following significant warnings:
     ./vector.pmt:246:16: warning: passing an object that undergoes default argument promotion to 'va_start' has undefined behavior [-Wvarargs]
     ./vector.pmt:259:16: warning: passing an object that undergoes default argument promotion to 'va_start' has undefined behavior [-Wvarargs]
Flavors: r-devel-linux-x86_64-debian-clang, r-devel-linux-x86_64-fedora-clang

Version: 1.2.5
Check: installed package size
Result: NOTE
     installed size is 17.4Mb
     sub-directories of 1Mb or more:
     R 1.4Mb
     help 1.1Mb
     libs 14.4Mb
Flavors: r-devel-linux-x86_64-fedora-clang, r-devel-windows-ix86+x86_64, r-patched-solaris-x86, r-release-macos-x86_64, r-release-windows-ix86+x86_64, r-oldrel-macos-x86_64, r-oldrel-windows-ix86+x86_64

Version: 1.2.5
Check: dependencies in R code
Result: NOTE
    No protocol specified
    No protocol specified
Flavor: r-oldrel-macos-x86_64