CRAN Package Check Results for Package image.CornerDetectionHarris

Last updated on 2023-01-28 07:14:57 CET.

Flavor Version Tinstall Tcheck Ttotal Status Flags
r-devel-linux-x86_64-debian-clang 0.1.1 21.41 27.89 49.30 OK
r-devel-linux-x86_64-debian-gcc 0.1.1 16.01 21.71 37.72 NOTE
r-devel-linux-x86_64-fedora-clang 0.1.1 74.73 OK
r-devel-linux-x86_64-fedora-gcc 0.1.1 65.31 NOTE
r-devel-windows-x86_64 0.1.1 34.00 78.00 112.00 OK
r-patched-linux-x86_64 0.1.1 16.77 27.48 44.25 OK
r-release-linux-x86_64 0.1.1 17.45 27.79 45.24 OK
r-release-macos-arm64 0.1.1 22.00 OK
r-release-macos-x86_64 0.1.1 30.00 OK
r-release-windows-x86_64 0.1.1 58.00 84.00 142.00 OK
r-oldrel-macos-arm64 0.1.1 29.00 OK
r-oldrel-macos-x86_64 0.1.1 41.00 OK
r-oldrel-windows-ix86+x86_64 0.1.1 52.00 92.00 144.00 OK

Check Details

Version: 0.1.1
Check: C++ specification
Result: NOTE
     Specified C++11: please update to current default of C++17
Flavors: r-devel-linux-x86_64-debian-gcc, r-devel-linux-x86_64-fedora-gcc