Last updated on 2023-02-03 06:50:21 CET.
Flavor | Version | Tinstall | Tcheck | Ttotal | Status | Flags |
---|---|---|---|---|---|---|
r-devel-linux-x86_64-debian-clang | 1.0.2.1 | 55.89 | 92.27 | 148.16 | NOTE | |
r-devel-linux-x86_64-debian-gcc | 1.0.2.1 | 44.90 | 84.59 | 129.49 | NOTE | |
r-devel-linux-x86_64-fedora-clang | 1.0.2.1 | 228.15 | NOTE | |||
r-devel-linux-x86_64-fedora-gcc | 1.0.2.1 | 238.60 | NOTE | |||
r-devel-windows-x86_64 | 1.0.2.1 | 73.00 | 195.00 | 268.00 | NOTE | |
r-patched-linux-x86_64 | 1.0.2.1 | 48.76 | 107.40 | 156.16 | OK | |
r-release-linux-x86_64 | 1.0.2.1 | 45.33 | 78.01 | 123.34 | OK | |
r-release-macos-arm64 | 1.0.2.1 | 48.00 | OK | |||
r-release-macos-x86_64 | 1.0.2.1 | 92.00 | OK | |||
r-release-windows-x86_64 | 1.0.2.1 | 223.00 | 177.00 | 400.00 | OK | |
r-oldrel-macos-arm64 | 1.0.2.1 | 73.00 | OK | |||
r-oldrel-macos-x86_64 | 1.0.2.1 | 84.00 | OK | |||
r-oldrel-windows-ix86+x86_64 | 1.0.2.1 | 145.00 | 232.00 | 377.00 | OK |
Version: 1.0.2.1
Check: C++ specification
Result: NOTE
Specified C++11: please update to current default of C++17
Flavors: r-devel-linux-x86_64-debian-clang, r-devel-linux-x86_64-debian-gcc, r-devel-linux-x86_64-fedora-clang, r-devel-linux-x86_64-fedora-gcc, r-devel-windows-x86_64