CRAN Package Check Results for Package immcp

Last updated on 2024-02-29 06:54:10 CET.

Flavor Version Tinstall Tcheck Ttotal Status Flags
r-devel-linux-x86_64-debian-clang 1.0.3 0.51 2.07 2.58 ERROR
r-devel-linux-x86_64-debian-gcc 1.0.3 31.54 261.17 292.71 OK
r-devel-linux-x86_64-fedora-clang 1.0.3 493.85 OK
r-devel-linux-x86_64-fedora-gcc 1.0.3 466.44 OK
r-devel-windows-x86_64 1.0.3 36.00 250.00 286.00 OK
r-patched-linux-x86_64 1.0.3 30.78 339.23 370.01 OK
r-release-linux-x86_64 1.0.3 0.36 1.92 2.28 ERROR
r-release-macos-arm64 1.0.3 124.00 OK
r-release-macos-x86_64 1.0.3 230.00 OK
r-release-windows-x86_64 1.0.3 38.00 324.00 362.00 OK
r-oldrel-macos-arm64 1.0.3 89.00 OK
r-oldrel-windows-x86_64 1.0.3 37.00 325.00 362.00 OK

Check Details

Version: 1.0.3
Check: package dependencies
Result: ERROR Package required but not available: ‘clusterProfiler’ See section ‘The DESCRIPTION file’ in the ‘Writing R Extensions’ manual. Flavors: r-devel-linux-x86_64-debian-clang, r-release-linux-x86_64