CRAN Package Check Results for Package immer

Last updated on 2021-06-13 06:49:52 CEST.

Flavor Version Tinstall Tcheck Ttotal Status Flags
r-devel-linux-x86_64-debian-clang 1.1-35 101.06 78.98 180.04 OK
r-devel-linux-x86_64-debian-gcc 1.1-35 72.99 59.85 132.84 OK
r-devel-linux-x86_64-fedora-clang 1.1-35 256.85 NOTE
r-devel-linux-x86_64-fedora-gcc 1.1-35 241.46 OK
r-devel-windows-x86_64 1.1-35 133.00 111.00 244.00 OK
r-devel-windows-x86_64-gcc10-UCRT 1.1-35 OK
r-patched-linux-x86_64 1.1-35 84.48 75.53 160.01 OK
r-patched-solaris-x86 1.1-35 240.10 OK
r-release-linux-x86_64 1.1-35 85.64 76.07 161.71 OK
r-release-macos-arm64 1.1-35 NOTE
r-release-macos-x86_64 1.1-35 NOTE
r-release-windows-ix86+x86_64 1.1-35 187.00 133.00 320.00 OK
r-oldrel-macos-x86_64 1.1-35 NOTE
r-oldrel-windows-ix86+x86_64 1.1-35 173.00 137.00 310.00 OK

Check Details

Version: 1.1-35
Check: installed package size
Result: NOTE
     installed size is 5.3Mb
     sub-directories of 1Mb or more:
     libs 4.4Mb
Flavors: r-devel-linux-x86_64-fedora-clang, r-release-macos-arm64, r-release-macos-x86_64, r-oldrel-macos-x86_64

Version: 1.1-35
Check: Rd cross-references
Result: NOTE
    Undeclared package ‘mirt’ in Rd xrefs
Flavor: r-devel-linux-x86_64-fedora-clang