CRAN Package Check Results for Package immunarch

Last updated on 2020-09-30 06:51:15 CEST.

Flavor Version Tinstall Tcheck Ttotal Status Flags
r-devel-linux-x86_64-debian-clang 0.6.5 47.14 285.44 332.58 OK
r-devel-linux-x86_64-debian-gcc 0.6.5 32.92 214.66 247.58 OK
r-devel-linux-x86_64-fedora-clang 0.6.5 375.90 NOTE
r-devel-linux-x86_64-fedora-gcc 0.6.5 365.57 NOTE
r-devel-windows-ix86+x86_64 0.6.5 86.00 488.00 574.00 NOTE
r-patched-linux-x86_64 0.6.5 28.09 258.60 286.69 OK
r-patched-solaris-x86 0.6.5 464.80 NOTE
r-release-linux-x86_64 0.6.5 31.83 254.23 286.06 OK
r-release-macos-x86_64 0.6.5 NOTE
r-release-windows-ix86+x86_64 0.6.5 89.00 512.00 601.00 NOTE
r-oldrel-macos-x86_64 0.6.5 NOTE
r-oldrel-windows-ix86+x86_64 0.6.5 80.00 515.00 595.00 NOTE

Check Details

Version: 0.6.5
Check: package dependencies
Result: NOTE
    Imports includes 25 non-default packages.
    Importing from so many packages makes the package vulnerable to any of
    them becoming unavailable. Move as many as possible to Suggests and
    use conditionally.
Flavor: r-devel-linux-x86_64-fedora-clang

Version: 0.6.5
Check: installed package size
Result: NOTE
     installed size is 8.0Mb
     sub-directories of 1Mb or more:
     data 4.3Mb
     doc 1.6Mb
Flavors: r-devel-linux-x86_64-fedora-clang, r-devel-windows-ix86+x86_64, r-patched-solaris-x86, r-release-macos-x86_64, r-release-windows-ix86+x86_64, r-oldrel-macos-x86_64, r-oldrel-windows-ix86+x86_64

Version: 0.6.5
Check: dependencies in R code
Result: NOTE
    Namespace in Imports field not imported from: ‘dbplyr’
     All declared Imports should be used.
Flavors: r-devel-linux-x86_64-fedora-clang, r-devel-linux-x86_64-fedora-gcc, r-patched-solaris-x86, r-release-macos-x86_64, r-oldrel-macos-x86_64