CRAN Package Check Results for Package immuneSIM

Last updated on 2022-05-22 06:52:02 CEST.

Flavor Version Tinstall Tcheck Ttotal Status Flags
r-devel-linux-x86_64-debian-clang 0.8.7 51.67 226.81 278.48 NOTE
r-devel-linux-x86_64-debian-gcc 0.8.7 42.98 170.44 213.42 NOTE
r-devel-linux-x86_64-fedora-clang 0.8.7 335.01 NOTE
r-devel-linux-x86_64-fedora-gcc 0.8.7 345.98 NOTE
r-devel-windows-x86_64 0.8.7 68.00 224.00 292.00 NOTE
r-patched-linux-x86_64 0.8.7 47.40 211.32 258.72 NOTE
r-release-linux-x86_64 0.8.7 48.50 211.60 260.10 NOTE
r-release-macos-arm64 0.8.7 105.00 NOTE
r-release-macos-x86_64 0.8.7 179.00 NOTE
r-release-windows-x86_64 0.8.7 66.00 224.00 290.00 NOTE
r-oldrel-macos-arm64 0.8.7 112.00 NOTE
r-oldrel-macos-x86_64 0.8.7 193.00 NOTE
r-oldrel-windows-ix86+x86_64 0.8.7 90.00 217.00 307.00 NOTE

Check Details

Version: 0.8.7
Check: LazyData
Result: NOTE
     'LazyData' is specified without a 'data' directory
Flavors: r-devel-linux-x86_64-debian-clang, r-devel-linux-x86_64-debian-gcc, r-devel-linux-x86_64-fedora-clang, r-devel-linux-x86_64-fedora-gcc, r-devel-windows-x86_64, r-patched-linux-x86_64, r-release-linux-x86_64, r-release-macos-arm64, r-release-macos-x86_64, r-release-windows-x86_64, r-oldrel-macos-arm64, r-oldrel-macos-x86_64, r-oldrel-windows-ix86+x86_64

Version: 0.8.7
Check: installed package size
Result: NOTE
     installed size is 5.2Mb
     sub-directories of 1Mb or more:
     R 5.1Mb
Flavors: r-release-macos-arm64, r-oldrel-macos-arm64