CRAN Package Check Results for Package impimp

Last updated on 2024-02-26 07:50:03 CET.

Flavor Version Tinstall Tcheck Ttotal Status Flags
r-devel-linux-x86_64-debian-clang 0.3.1 2.90 23.66 26.56 NOTE
r-devel-linux-x86_64-debian-gcc 0.3.1 2.15 18.77 20.92 NOTE
r-devel-linux-x86_64-fedora-clang 0.3.1 33.31 NOTE
r-devel-linux-x86_64-fedora-gcc 0.3.1 31.76 NOTE
r-devel-windows-x86_64 0.3.1 3.00 41.00 44.00 NOTE
r-patched-linux-x86_64 0.3.1 3.05 24.00 27.05 NOTE
r-release-linux-x86_64 0.3.1 2.31 23.36 25.67 NOTE
r-release-macos-arm64 0.3.1 15.00 NOTE
r-release-macos-x86_64 0.3.1 22.00 NOTE
r-release-windows-x86_64 0.3.1 6.00 40.00 46.00 NOTE
r-oldrel-macos-arm64 0.3.1 18.00 NOTE
r-oldrel-windows-x86_64 0.3.1 6.00 46.00 52.00 NOTE

Check Details

Version: 0.3.1
Check: LazyData
Result: NOTE 'LazyData' is specified without a 'data' directory Flavors: r-devel-linux-x86_64-debian-clang, r-devel-linux-x86_64-debian-gcc, r-devel-linux-x86_64-fedora-clang, r-devel-linux-x86_64-fedora-gcc, r-devel-windows-x86_64, r-patched-linux-x86_64, r-release-linux-x86_64, r-release-macos-arm64, r-release-macos-x86_64, r-release-windows-x86_64, r-oldrel-macos-arm64, r-oldrel-windows-x86_64