CRAN Package Check Results for Package imputeLCMD

Last updated on 2021-05-09 06:46:59 CEST.

Flavor Version Tinstall Tcheck Ttotal Status Flags
r-devel-linux-x86_64-debian-clang 2.0 11.39 88.98 100.37 NOTE
r-devel-linux-x86_64-debian-gcc 2.0 8.44 68.40 76.84 NOTE
r-devel-linux-x86_64-fedora-clang 2.0 127.96 NOTE
r-devel-linux-x86_64-fedora-gcc 2.0 121.51 NOTE
r-devel-windows-x86_64-gcc10-UCRT 2.0 NOTE
r-patched-linux-x86_64 2.0 11.14 86.77 97.91 NOTE
r-patched-solaris-x86 2.0 180.10 NOTE
r-release-linux-x86_64 2.0 9.13 82.98 92.11 NOTE
r-release-macos-x86_64 2.0 NOTE
r-release-windows-ix86+x86_64 2.0 17.00 86.00 103.00 NOTE
r-oldrel-macos-x86_64 2.0 NOTE
r-oldrel-windows-ix86+x86_64 2.0 21.00 78.00 99.00 NOTE

Check Details

Version: 2.0
Check: R code for possible problems
Result: NOTE
    generate.ExpressionData: no visible global function definition for
     'rnorm'
    impute.MinDet: no visible binding for global variable 'quantile'
    impute.MinProb: no visible binding for global variable 'quantile'
    impute.MinProb: no visible binding for global variable 'sd'
    impute.MinProb: no visible global function definition for 'median'
    impute.MinProb: no visible global function definition for 'rnorm'
    impute.QRILC: no visible global function definition for 'qnorm'
    impute.QRILC: no visible global function definition for 'quantile'
    impute.QRILC: no visible global function definition for 'lm'
    insertMVs: no visible global function definition for 'rnorm'
    model.Selector: no visible global function definition for 'qnorm'
    model.Selector: no visible global function definition for 'quantile'
    model.Selector: no visible global function definition for 'lm'
    model.Selector: no visible global function definition for 'ecdf'
    model.Selector: no visible global function definition for 'pnorm'
    pep2prot: no visible binding for global variable 'median'
    Undefined global functions or variables:
     ecdf lm median pnorm qnorm quantile rnorm sd
    Consider adding
     importFrom("stats", "ecdf", "lm", "median", "pnorm", "qnorm",
     "quantile", "rnorm", "sd")
    to your NAMESPACE file.
Flavors: r-devel-linux-x86_64-debian-clang, r-devel-linux-x86_64-debian-gcc, r-devel-linux-x86_64-fedora-clang, r-devel-linux-x86_64-fedora-gcc, r-devel-windows-x86_64-gcc10-UCRT, r-patched-linux-x86_64, r-patched-solaris-x86, r-release-linux-x86_64, r-release-macos-x86_64, r-release-windows-ix86+x86_64, r-oldrel-macos-x86_64, r-oldrel-windows-ix86+x86_64