CRAN Package Check Results for Package imputeMissings

Last updated on 2021-04-21 06:47:43 CEST.

Flavor Version Tinstall Tcheck Ttotal Status Flags
r-devel-linux-x86_64-debian-clang 0.0.3 1.87 20.79 22.66 NOTE
r-devel-linux-x86_64-debian-gcc 0.0.3 1.54 16.67 18.21 NOTE
r-devel-linux-x86_64-fedora-clang 0.0.3 37.88 NOTE
r-devel-linux-x86_64-fedora-gcc 0.0.3 27.39 NOTE
r-devel-windows-ix86+x86_64 0.0.3 4.00 30.00 34.00 NOTE
r-devel-windows-x86_64-gcc10-UCRT 0.0.3 NOTE
r-patched-linux-x86_64 0.0.3 1.82 20.20 22.02 OK
r-patched-solaris-x86 0.0.3 42.50 OK
r-release-linux-x86_64 0.0.3 1.78 20.39 22.17 OK
r-release-macos-x86_64 0.0.3 OK
r-release-windows-ix86+x86_64 0.0.3 4.00 37.00 41.00 OK
r-oldrel-macos-x86_64 0.0.3 OK
r-oldrel-windows-ix86+x86_64 0.0.3 3.00 35.00 38.00 OK

Check Details

Version: 0.0.3
Check: LazyData
Result: NOTE
     'LazyData' is specified without a 'data' directory
Flavors: r-devel-linux-x86_64-debian-clang, r-devel-linux-x86_64-debian-gcc, r-devel-linux-x86_64-fedora-clang, r-devel-linux-x86_64-fedora-gcc, r-devel-windows-ix86+x86_64, r-devel-windows-x86_64-gcc10-UCRT