Last updated on 2023-01-28 07:14:57 CET.
Flavor | Version | Tinstall | Tcheck | Ttotal | Status | Flags |
---|---|---|---|---|---|---|
r-devel-linux-x86_64-debian-clang | 1.0.1 | 23.77 | 63.39 | 87.16 | OK | |
r-devel-linux-x86_64-debian-gcc | 1.0.1 | 18.29 | 47.08 | 65.37 | NOTE | |
r-devel-linux-x86_64-fedora-clang | 1.0.1 | 122.70 | NOTE | |||
r-devel-linux-x86_64-fedora-gcc | 1.0.1 | 119.31 | NOTE | |||
r-devel-windows-x86_64 | 1.0.1 | 32.00 | 116.00 | 148.00 | OK | |
r-patched-linux-x86_64 | 1.0.1 | 26.00 | 62.30 | 88.30 | OK | |
r-release-linux-x86_64 | 1.0.1 | 17.91 | 62.30 | 80.21 | OK | |
r-release-macos-arm64 | 1.0.1 | 33.00 | NOTE | |||
r-release-macos-x86_64 | 1.0.1 | 64.00 | NOTE | |||
r-release-windows-x86_64 | 1.0.1 | 42.00 | 121.00 | 163.00 | OK | |
r-oldrel-macos-arm64 | 1.0.1 | 40.00 | NOTE | |||
r-oldrel-macos-x86_64 | 1.0.1 | 67.00 | NOTE | |||
r-oldrel-windows-ix86+x86_64 | 1.0.1 | 64.00 | 129.00 | 193.00 | OK |
Version: 1.0.1
Check: C++ specification
Result: NOTE
Specified C++11: please update to current default of C++17
Flavors: r-devel-linux-x86_64-debian-gcc, r-devel-linux-x86_64-fedora-gcc
Version: 1.0.1
Check: dependencies in R code
Result: NOTE
Namespace in Imports field not imported from: ‘testthat’
All declared Imports should be used.
Flavors: r-devel-linux-x86_64-fedora-clang, r-devel-linux-x86_64-fedora-gcc, r-release-macos-arm64, r-release-macos-x86_64, r-oldrel-macos-arm64, r-oldrel-macos-x86_64