CRAN Package Check Results for Package infotheo

Last updated on 2022-05-29 06:51:34 CEST.

Flavor Version Tinstall Tcheck Ttotal Status Flags
r-devel-linux-x86_64-debian-clang 1.2.0.1 5.93 30.40 36.33 OK
r-devel-linux-x86_64-debian-gcc 1.2.0.1 4.28 23.98 28.26 OK
r-devel-linux-x86_64-fedora-clang 1.2.0.1 46.91 NOTE
r-devel-linux-x86_64-fedora-gcc 1.2.0.1 43.43 NOTE
r-devel-windows-x86_64 1.2.0.1 23.00 66.00 89.00 OK
r-patched-linux-x86_64 1.2.0.1 5.71 30.00 35.71 OK
r-release-linux-x86_64 1.2.0.1 4.46 28.79 33.25 OK
r-release-macos-arm64 1.2.0.1 17.00 OK
r-release-macos-x86_64 1.2.0.1 25.00 OK
r-release-windows-x86_64 1.2.0.1 12.00 66.00 78.00 OK
r-oldrel-macos-arm64 1.2.0.1 17.00 OK
r-oldrel-macos-x86_64 1.2.0.1 26.00 OK
r-oldrel-windows-ix86+x86_64 1.2.0.1 15.00 52.00 67.00 OK

Check Details

Version: 1.2.0.1
Check: compiled code
Result: NOTE
    File ‘infotheo/libs/infotheo.so’:
     Found no calls to: ‘R_registerRoutines’, ‘R_useDynamicSymbols’
    
    It is good practice to register native routines and to disable symbol
    search.
    
    See ‘Writing portable packages’ in the ‘Writing R Extensions’ manual.
Flavors: r-devel-linux-x86_64-fedora-clang, r-devel-linux-x86_64-fedora-gcc