CRAN Package Check Results for Package infraFDTD.assist

Last updated on 2022-08-13 07:11:37 CEST.

Flavor Version Tinstall Tcheck Ttotal Status Flags
r-devel-linux-x86_64-debian-clang 0.6 2.46 28.16 30.62 NOTE
r-devel-linux-x86_64-debian-gcc 0.6 2.33 21.59 23.92 NOTE
r-devel-linux-x86_64-fedora-clang 0.6 51.43 NOTE
r-devel-linux-x86_64-fedora-gcc 0.6 49.87 NOTE
r-devel-windows-x86_64 0.6 35.00 51.00 86.00 OK
r-patched-linux-x86_64 0.6 2.84 23.84 26.68 NOTE
r-release-linux-x86_64 0.6 1.98 25.31 27.29 NOTE
r-release-macos-arm64 0.6 20.00 OK
r-release-macos-x86_64 0.6 30.00 OK
r-release-windows-x86_64 0.6 15.00 51.00 66.00 OK
r-oldrel-macos-arm64 0.6 21.00 OK
r-oldrel-macos-x86_64 0.6 32.00 OK
r-oldrel-windows-ix86+x86_64 0.6 7.00 52.00 59.00 OK

Check Details

Version: 0.6
Check: for non-standard things in the check directory
Result: NOTE
    Found the following files/directories:
     'c.txt' 'rho.txt' 'sta.txt' 'topo.txt'
Flavors: r-devel-linux-x86_64-debian-clang, r-devel-linux-x86_64-debian-gcc, r-devel-linux-x86_64-fedora-clang, r-devel-linux-x86_64-fedora-gcc, r-patched-linux-x86_64, r-release-linux-x86_64