CRAN Package Check Results for Package intccr

Last updated on 2024-02-29 06:54:10 CET.

Flavor Version Tinstall Tcheck Ttotal Status Flags
r-devel-linux-x86_64-debian-clang 3.0.4 7.84 56.72 64.56 OK
r-devel-linux-x86_64-debian-gcc 3.0.4 6.63 42.47 49.10 OK
r-devel-linux-x86_64-fedora-clang 3.0.4 80.57 NOTE
r-devel-linux-x86_64-fedora-gcc 3.0.4 89.26 NOTE
r-devel-windows-x86_64 3.0.4 8.00 66.00 74.00 OK
r-patched-linux-x86_64 3.0.4 10.66 53.64 64.30 OK
r-release-linux-x86_64 3.0.4 6.53 53.87 60.40 OK
r-release-macos-arm64 3.0.4 33.00 OK
r-release-macos-x86_64 3.0.4 50.00 OK
r-release-windows-x86_64 3.0.4 10.00 69.00 79.00 OK
r-oldrel-macos-arm64 3.0.4 27.00 NOTE
r-oldrel-windows-x86_64 3.0.4 10.00 67.00 77.00 OK

Check Details

Version: 3.0.4
Check: dependencies in R code
Result: NOTE Namespace in Imports field not imported from: ‘splines2’ All declared Imports should be used. Flavors: r-devel-linux-x86_64-fedora-clang, r-devel-linux-x86_64-fedora-gcc, r-oldrel-macos-arm64