CRAN Package Check Results for Package intensegRid

Last updated on 2021-11-29 06:48:32 CET.

Flavor Version Tinstall Tcheck Ttotal Status Flags
r-devel-linux-x86_64-debian-clang 0.1.1 OK
r-devel-linux-x86_64-debian-gcc 0.1.1 1.95 28.56 30.51 OK
r-devel-linux-x86_64-fedora-clang 0.1.1 57.83 NOTE
r-devel-linux-x86_64-fedora-gcc 0.1.1 51.03 NOTE
r-devel-windows-x86_64-new-UL 0.1.1 9.00 79.00 88.00 OK
r-devel-windows-x86_64-new-TK 0.1.1 NOTE
r-devel-windows-x86_64-old 0.1.1 4.00 62.00 66.00 OK
r-patched-linux-x86_64 0.1.1 2.75 34.66 37.41 OK
r-patched-solaris-x86 0.1.1 71.90 NOTE
r-release-linux-x86_64 0.1.1 2.29 34.35 36.64 OK
r-release-macos-arm64 0.1.1 NOTE
r-release-macos-x86_64 0.1.1 ERROR
r-release-windows-ix86+x86_64 0.1.1 6.00 49.00 55.00 OK
r-oldrel-macos-x86_64 0.1.1 NOTE
r-oldrel-windows-ix86+x86_64 0.1.1 6.00 63.00 69.00 OK

Check Details

Version: 0.1.1
Check: dependencies in R code
Result: NOTE
    Namespace in Imports field not imported from: ‘purrr’
     All declared Imports should be used.
Flavors: r-devel-linux-x86_64-fedora-clang, r-devel-linux-x86_64-fedora-gcc, r-devel-windows-x86_64-new-TK, r-patched-solaris-x86, r-release-macos-arm64, r-release-macos-x86_64, r-oldrel-macos-x86_64

Version: 0.1.1
Check: tests
Result: ERROR
     Running ‘testthat.R’ [1s/1s]
    Running the tests in ‘tests/testthat.R’ failed.
    Complete output:
     > library(testthat)
     > library(intensegRid)
     >
     > test_check("intensegRid")
     Error: No root directory found in /Volumes/Builds/packages/high-sierra-x86_64/results/4.1/intensegRid.Rcheck/tests/testthat or its parent directories. Root criterion: contains a file "DESCRIPTION" with contents matching "^Package: "
     Execution halted
Flavor: r-release-macos-x86_64