Last updated on 2023-03-26 06:53:27 CEST.
Flavor | Version | Tinstall | Tcheck | Ttotal | Status | Flags |
---|---|---|---|---|---|---|
r-devel-linux-x86_64-debian-clang | 1.1.5 | 10.76 | 287.00 | 297.76 | OK | |
r-devel-linux-x86_64-debian-gcc | 1.1.5 | 8.66 | 216.03 | 224.69 | OK | |
r-devel-linux-x86_64-fedora-clang | 1.1.5 | 393.06 | NOTE | |||
r-devel-linux-x86_64-fedora-gcc | 1.1.5 | 409.63 | OK | |||
r-patched-linux-x86_64 | 1.1.5 | 15.09 | 273.64 | 288.73 | OK | |
r-release-linux-x86_64 | 1.1.5 | 9.99 | 263.94 | 273.93 | OK | |
r-release-macos-arm64 | 1.1.5 | 95.00 | OK | |||
r-release-macos-x86_64 | 1.1.5 | 173.00 | OK | |||
r-release-windows-x86_64 | 1.1.5 | 25.00 | 307.00 | 332.00 | OK | |
r-oldrel-macos-arm64 | 1.1.5 | 139.00 | OK | |||
r-oldrel-macos-x86_64 | 1.1.5 | 120.00 | OK | |||
r-oldrel-windows-ix86+x86_64 | 1.1.5 | 21.00 | 314.00 | 335.00 | OK |
Version: 1.1.5
Check: Rd cross-references
Result: NOTE
Undeclared packages ‘quantreg’, ‘effects’, ‘Hmisc’, ‘rockchalk’, ‘pequod’ in Rd xrefs
Flavor: r-devel-linux-x86_64-fedora-clang