CRAN Package Check Results for Package interactions

Last updated on 2023-11-28 07:53:05 CET.

Flavor Version Tinstall Tcheck Ttotal Status Flags
r-devel-linux-x86_64-debian-clang 1.1.5 12.30 288.99 301.29 OK
r-devel-linux-x86_64-debian-gcc 1.1.5 8.39 212.86 221.25 OK
r-devel-linux-x86_64-fedora-clang 1.1.5 362.95 NOTE
r-devel-linux-x86_64-fedora-gcc 1.1.5 404.23 OK
r-devel-windows-x86_64 1.1.5 9.00 196.00 205.00 OK
r-patched-linux-x86_64 1.1.5 16.74 272.85 289.59 OK
r-release-linux-x86_64 1.1.5 8.64 272.52 281.16 OK
r-release-macos-arm64 1.1.5 111.00 OK
r-release-macos-x86_64 1.1.5 192.00 OK
r-release-windows-x86_64 1.1.5 13.00 296.00 309.00 OK
r-oldrel-macos-arm64 1.1.5 95.00 OK
r-oldrel-macos-x86_64 1.1.5 173.00 OK
r-oldrel-windows-x86_64 1.1.5 14.00 264.00 278.00 OK

Check Details

Version: 1.1.5
Check: Rd cross-references
Result: NOTE Undeclared packages ‘quantreg’, ‘effects’, ‘Hmisc’, ‘rockchalk’, ‘pequod’ in Rd xrefs Flavor: r-devel-linux-x86_64-fedora-clang