Last updated on 2023-01-28 07:14:57 CET.
Flavor | Version | Tinstall | Tcheck | Ttotal | Status | Flags |
---|---|---|---|---|---|---|
r-devel-linux-x86_64-debian-clang | 1.2.6 | 101.34 | 179.07 | 280.41 | OK | |
r-devel-linux-x86_64-debian-gcc | 1.2.6 | 75.67 | 131.88 | 207.55 | NOTE | |
r-devel-linux-x86_64-fedora-clang | 1.2.6 | 384.00 | OK | |||
r-devel-linux-x86_64-fedora-gcc | 1.2.6 | 367.79 | NOTE | |||
r-devel-windows-x86_64 | 1.2.6 | 81.00 | 209.00 | 290.00 | OK | |
r-patched-linux-x86_64 | 1.2.6 | 82.57 | 167.16 | 249.73 | OK | |
r-release-linux-x86_64 | 1.2.6 | 86.28 | 170.30 | 256.58 | OK | |
r-release-macos-arm64 | 1.2.6 | 80.00 | OK | |||
r-release-macos-x86_64 | 1.2.6 | 115.00 | OK | |||
r-release-windows-x86_64 | 1.2.6 | 87.00 | 223.00 | 310.00 | OK | |
r-oldrel-macos-arm64 | 1.2.6 | 92.00 | OK | |||
r-oldrel-macos-x86_64 | 1.2.6 | 150.00 | OK | |||
r-oldrel-windows-ix86+x86_64 | 1.2.6 | 212.00 | 249.00 | 461.00 | OK |
Version: 1.2.6
Check: C++ specification
Result: NOTE
Specified C++11: please update to current default of C++17
Flavors: r-devel-linux-x86_64-debian-gcc, r-devel-linux-x86_64-fedora-gcc