CRAN Package Check Results for Package interp

Last updated on 2021-01-17 06:46:51 CET.

Flavor Version Tinstall Tcheck Ttotal Status Flags
r-devel-linux-x86_64-debian-clang 1.0-33 113.49 39.04 152.53 OK
r-devel-linux-x86_64-debian-gcc 1.0-33 81.28 32.60 113.88 OK
r-devel-linux-x86_64-fedora-clang 1.0-33 221.07 NOTE
r-devel-linux-x86_64-fedora-gcc 1.0-33 211.90 OK
r-devel-windows-ix86+x86_64 1.0-33 167.00 86.00 253.00 OK
r-patched-linux-x86_64 1.0-33 99.82 40.57 140.39 OK
r-patched-solaris-x86 1.0-33 196.20 OK
r-release-linux-x86_64 1.0-33 94.92 40.95 135.87 OK
r-release-macos-x86_64 1.0-33 NOTE
r-release-windows-ix86+x86_64 1.0-33 195.00 91.00 286.00 OK
r-oldrel-macos-x86_64 1.0-33 NOTE
r-oldrel-windows-ix86+x86_64 1.0-33 210.00 70.00 280.00 OK

Check Details

Version: 1.0-33
Check: installed package size
Result: NOTE
     installed size is 27.2Mb
     sub-directories of 1Mb or more:
     libs 26.9Mb
Flavors: r-devel-linux-x86_64-fedora-clang, r-release-macos-x86_64, r-oldrel-macos-x86_64

Version: 1.0-33
Check: Rd cross-references
Result: NOTE
    Undeclared packages ‘RcppEigen’, ‘tripack’ in Rd xrefs
Flavor: r-devel-linux-x86_64-fedora-clang