CRAN Package Check Results for Package interpretCI

Last updated on 2023-03-26 06:53:27 CEST.

Flavor Version Tinstall Tcheck Ttotal Status Flags
r-devel-linux-x86_64-debian-clang 0.1.1 12.43 204.49 216.92 OK
r-devel-linux-x86_64-debian-gcc 0.1.1 9.22 155.65 164.87 OK
r-devel-linux-x86_64-fedora-clang 0.1.1 284.30 NOTE
r-devel-linux-x86_64-fedora-gcc 0.1.1 289.20 NOTE
r-patched-linux-x86_64 0.1.1 11.70 194.78 206.48 OK
r-release-linux-x86_64 0.1.1 9.53 202.04 211.57 OK
r-release-macos-arm64 0.1.1 66.00 NOTE
r-release-macos-x86_64 0.1.1 140.00 NOTE
r-release-windows-x86_64 0.1.1 110.00 282.00 392.00 OK
r-oldrel-macos-arm64 0.1.1 72.00 NOTE
r-oldrel-macos-x86_64 0.1.1 103.00 NOTE
r-oldrel-windows-ix86+x86_64 0.1.1 31.00 269.00 300.00 NOTE

Check Details

Version: 0.1.1
Check: dependencies in R code
Result: NOTE
    Namespace in Imports field not imported from: ‘moonBook’
     All declared Imports should be used.
Flavors: r-devel-linux-x86_64-fedora-clang, r-devel-linux-x86_64-fedora-gcc, r-release-macos-arm64, r-release-macos-x86_64, r-oldrel-macos-arm64, r-oldrel-macos-x86_64

Version: 0.1.1
Check: R code for possible problems
Result: NOTE
    Initiating curl with CURL_SSL_BACKEND: openssl
Flavor: r-oldrel-windows-ix86+x86_64