CRAN Package Check Results for Package intervalaverage

Last updated on 2021-06-19 06:48:12 CEST.

Flavor Version Tinstall Tcheck Ttotal Status Flags
r-devel-linux-x86_64-debian-clang 0.8.0 27.98 175.05 203.03 NOTE
r-devel-linux-x86_64-debian-gcc 0.8.0 17.96 121.10 139.06 NOTE
r-devel-linux-x86_64-fedora-clang 0.8.0 231.12 NOTE
r-devel-linux-x86_64-fedora-gcc 0.8.0 203.84 NOTE
r-devel-windows-x86_64 0.8.0 37.00 141.00 178.00 NOTE
r-devel-windows-x86_64-gcc10-UCRT 0.8.0 NOTE
r-patched-linux-x86_64 0.8.0 23.15 148.44 171.59 NOTE
r-patched-solaris-x86 0.8.0 286.30 NOTE
r-release-linux-x86_64 0.8.0 21.32 149.38 170.70 NOTE
r-release-macos-arm64 0.8.0 NOTE
r-release-macos-x86_64 0.8.0 NOTE
r-release-windows-ix86+x86_64 0.8.0 64.00 274.00 338.00 NOTE
r-oldrel-macos-x86_64 0.8.0 OK
r-oldrel-windows-ix86+x86_64 0.8.0 50.00 272.00 322.00 OK

Check Details

Version: 0.8.0
Check: LazyData
Result: NOTE
     'LazyData' is specified without a 'data' directory
Flavors: r-devel-linux-x86_64-debian-clang, r-devel-linux-x86_64-debian-gcc, r-devel-linux-x86_64-fedora-clang, r-devel-linux-x86_64-fedora-gcc, r-devel-windows-x86_64, r-devel-windows-x86_64-gcc10-UCRT, r-patched-linux-x86_64, r-patched-solaris-x86, r-release-linux-x86_64, r-release-macos-arm64, r-release-macos-x86_64, r-release-windows-ix86+x86_64