CRAN Package Check Results for Package iotools

Last updated on 2022-01-23 07:14:02 CET.

Flavor Version Tinstall Tcheck Ttotal Status Flags
r-devel-linux-x86_64-debian-clang 0.3-2 5.96 41.42 47.38 NOTE
r-devel-linux-x86_64-debian-gcc 0.3-2 4.36 35.88 40.24 NOTE
r-devel-linux-x86_64-fedora-clang 0.3-2 57.27 NOTE
r-devel-linux-x86_64-fedora-gcc 0.3-2 47.29 NOTE
r-devel-windows-x86_64-new-UL 0.3-2 40.00 67.00 107.00 NOTE
r-devel-windows-x86_64-new-TK 0.3-2 NOTE
r-patched-linux-x86_64 0.3-2 4.94 40.11 45.05 NOTE
r-release-linux-x86_64 0.3-2 4.86 39.66 44.52 NOTE
r-release-macos-arm64 0.3-2 NOTE
r-release-macos-x86_64 0.3-2 NOTE
r-release-windows-ix86+x86_64 0.3-2 19.00 65.00 84.00 NOTE
r-oldrel-macos-x86_64 0.3-2 NOTE
r-oldrel-windows-ix86+x86_64 0.3-2 19.00 68.00 87.00 NOTE

Additional issues

rchk

Check Details

Version: 0.3-2
Check: compiled code
Result: NOTE
    File 'iotools/libs/iotools.so':
     Found non-API calls to R: 'R_GetConnection', 'R_ReadConnection',
     'R_WriteConnection'
    
    Compiled code should not call non-API entry points in R.
    
    See 'Writing portable packages' in the 'Writing R Extensions' manual.
Flavors: r-devel-linux-x86_64-debian-clang, r-devel-linux-x86_64-debian-gcc, r-patched-linux-x86_64, r-release-linux-x86_64, r-release-macos-arm64, r-release-macos-x86_64, r-oldrel-macos-x86_64

Version: 0.3-2
Check: compiled code
Result: NOTE
    File ‘iotools/libs/iotools.so’:
     Found non-API calls to R: ‘R_GetConnection’, ‘R_ReadConnection’,
     ‘R_WriteConnection’
    File ‘iotools/libs/iotools.so’:
     Found no calls to: ‘R_registerRoutines’, ‘R_useDynamicSymbols’
    
    Compiled code should not call non-API entry points in R.
    It is good practice to register native routines and to disable symbol
    search.
    
    See ‘Writing portable packages’ in the ‘Writing R Extensions’ manual.
Flavors: r-devel-linux-x86_64-fedora-clang, r-devel-linux-x86_64-fedora-gcc

Version: 0.3-2
Check: compiled code
Result: NOTE
    File 'iotools/libs/x64/iotools.dll':
     Found non-API calls to R: 'R_GetConnection', 'R_ReadConnection',
     'R_WriteConnection'
    
    Compiled code should not call non-API entry points in R.
    
    See 'Writing portable packages' in the 'Writing R Extensions' manual.
Flavors: r-devel-windows-x86_64-new-UL, r-devel-windows-x86_64-new-TK

Version: 0.3-2
Check: compiled code
Result: NOTE
    File 'iotools/libs/i386/iotools.dll':
     Found non-API calls to R: 'R_GetConnection', 'R_ReadConnection',
     'R_WriteConnection'
    File 'iotools/libs/x64/iotools.dll':
     Found non-API calls to R: 'R_GetConnection', 'R_ReadConnection',
     'R_WriteConnection'
    
    Compiled code should not call non-API entry points in R.
    
    See 'Writing portable packages' in the 'Writing R Extensions' manual.
Flavors: r-release-windows-ix86+x86_64, r-oldrel-windows-ix86+x86_64