Last updated on 2021-01-20 06:46:48 CET.
Flavor | Version | Tinstall | Tcheck | Ttotal | Status | Flags |
---|---|---|---|---|---|---|
r-devel-linux-x86_64-debian-clang | 0.5.1 | 165.35 | 52.21 | 217.56 | OK | |
r-devel-linux-x86_64-debian-gcc | 0.5.1 | 99.59 | 40.03 | 139.62 | OK | |
r-devel-linux-x86_64-fedora-clang | 0.5.1 | 302.90 | NOTE | |||
r-devel-linux-x86_64-fedora-gcc | 0.5.1 | 272.74 | OK | |||
r-devel-windows-ix86+x86_64 | 0.5.1 | 270.00 | 92.00 | 362.00 | OK | |
r-patched-linux-x86_64 | 0.5.1 | 127.31 | 50.71 | 178.02 | OK | |
r-patched-solaris-x86 | 0.5.1 | 256.40 | OK | |||
r-release-linux-x86_64 | 0.5.1 | 128.88 | 50.78 | 179.66 | OK | |
r-release-macos-x86_64 | 0.5.1 | NOTE | ||||
r-release-windows-ix86+x86_64 | 0.5.1 | 295.00 | 97.00 | 392.00 | OK | |
r-oldrel-macos-x86_64 | 0.5.1 | NOTE | ||||
r-oldrel-windows-ix86+x86_64 | 0.5.1 | 241.00 | 81.00 | 322.00 | OK |
Version: 0.5.1
Check: installed package size
Result: NOTE
installed size is 9.7Mb
sub-directories of 1Mb or more:
libs 9.3Mb
Flavors: r-devel-linux-x86_64-fedora-clang, r-release-macos-x86_64, r-oldrel-macos-x86_64