CRAN Package Check Results for Package ipeadatar

Last updated on 2020-08-13 06:47:32 CEST.

Flavor Version Tinstall Tcheck Ttotal Status Flags
r-devel-linux-x86_64-debian-clang 0.1.1 2.11 22.14 24.25 OK
r-devel-linux-x86_64-debian-gcc 0.1.1 1.81 17.51 19.32 OK
r-devel-linux-x86_64-fedora-clang 0.1.1 38.20 NOTE
r-devel-linux-x86_64-fedora-gcc 0.1.1 28.27 NOTE
r-devel-windows-ix86+x86_64 0.1.1 7.00 48.00 55.00 OK
r-patched-linux-x86_64 0.1.1 2.12 22.13 24.25 OK
r-patched-solaris-x86 0.1.1 43.30 NOTE
r-release-linux-x86_64 0.1.1 2.19 22.08 24.27 OK
r-release-macos-x86_64 0.1.1 NOTE
r-release-windows-ix86+x86_64 0.1.1 10.00 49.00 59.00 OK
r-oldrel-macos-x86_64 0.1.1 NOTE
r-oldrel-windows-ix86+x86_64 0.1.1 5.00 38.00 43.00 OK

Check Details

Version: 0.1.1
Check: dependencies in R code
Result: NOTE
    Namespace in Imports field not imported from: ‘curl’
     All declared Imports should be used.
Flavors: r-devel-linux-x86_64-fedora-clang, r-devel-linux-x86_64-fedora-gcc, r-patched-solaris-x86, r-release-macos-x86_64, r-oldrel-macos-x86_64