Last updated on 2023-02-03 06:50:22 CET.
Flavor | Version | Tinstall | Tcheck | Ttotal | Status | Flags |
---|---|---|---|---|---|---|
r-devel-linux-x86_64-debian-clang | 0.0.6 | 54.28 | 736.72 | 791.00 | OK | |
r-devel-linux-x86_64-debian-gcc | 0.0.6 | 37.40 | 584.61 | 622.01 | OK | |
r-devel-linux-x86_64-fedora-clang | 0.0.6 | 997.99 | NOTE | |||
r-devel-linux-x86_64-fedora-gcc | 0.0.6 | 992.28 | OK | |||
r-devel-windows-x86_64 | 0.0.6 | 82.00 | 597.00 | 679.00 | OK | |
r-patched-linux-x86_64 | 0.0.6 | 41.06 | 797.37 | 838.43 | OK | |
r-release-linux-x86_64 | 0.0.6 | 33.71 | 799.10 | 832.81 | OK | |
r-release-macos-arm64 | 0.0.6 | 167.00 | OK | |||
r-release-macos-x86_64 | 0.0.6 | 110.00 | OK | |||
r-release-windows-x86_64 | 0.0.6 | 80.00 | 624.00 | 704.00 | OK | |
r-oldrel-macos-arm64 | 0.0.6 | 181.00 | OK | |||
r-oldrel-macos-x86_64 | 0.0.6 | 121.00 | OK | |||
r-oldrel-windows-ix86+x86_64 | 0.0.6 | 101.00 | 1120.00 | 1221.00 | OK |
Version: 0.0.6
Check: Rd cross-references
Result: NOTE
Undeclared package ‘Rpadrino’ in Rd xrefs
Flavor: r-devel-linux-x86_64-fedora-clang