CRAN Package Check Results for Package ipred

Last updated on 2020-08-15 06:47:16 CEST.

Flavor Version Tinstall Tcheck Ttotal Status Flags
r-devel-linux-x86_64-debian-clang 0.9-9 11.55 118.30 129.85 OK
r-devel-linux-x86_64-debian-gcc 0.9-9 9.72 89.81 99.53 OK
r-devel-linux-x86_64-fedora-clang 0.9-9 162.73 NOTE
r-devel-linux-x86_64-fedora-gcc 0.9-9 153.92 OK
r-devel-windows-ix86+x86_64 0.9-9 31.00 198.00 229.00 OK
r-patched-linux-x86_64 0.9-9 10.90 116.89 127.79 OK
r-patched-solaris-x86 0.9-9 215.00 OK
r-release-linux-x86_64 0.9-9 10.81 115.84 126.65 OK
r-release-macos-x86_64 0.9-9 OK
r-release-windows-ix86+x86_64 0.9-9 32.00 170.00 202.00 OK
r-oldrel-macos-x86_64 0.9-9 OK
r-oldrel-windows-ix86+x86_64 0.9-9 16.00 220.00 236.00 OK

Check Details

Version: 0.9-9
Check: Rd cross-references
Result: NOTE
    Undeclared packages ‘randomForest’, ‘party’ in Rd xrefs
Flavor: r-devel-linux-x86_64-fedora-clang