Last updated on 2022-07-02 07:07:01 CEST.
Flavor | Version | Tinstall | Tcheck | Ttotal | Status | Flags |
---|---|---|---|---|---|---|
r-devel-linux-x86_64-debian-clang | 0.0.11 | 12.22 | 109.92 | 122.14 | OK | |
r-devel-linux-x86_64-debian-gcc | 0.0.11 | 11.87 | 84.01 | 95.88 | OK | |
r-devel-linux-x86_64-fedora-clang | 0.0.11 | 157.23 | NOTE | |||
r-devel-linux-x86_64-fedora-gcc | 0.0.11 | 158.02 | NOTE | |||
r-devel-windows-x86_64 | 0.0.11 | 31.00 | 139.00 | 170.00 | OK | |
r-patched-linux-x86_64 | 0.0.11 | 18.75 | 106.62 | 125.37 | OK | |
r-release-linux-x86_64 | 0.0.11 | 12.82 | 110.04 | 122.86 | OK | |
r-release-macos-arm64 | 0.0.11 | 41.00 | NOTE | |||
r-release-macos-x86_64 | 0.0.11 | 63.00 | NOTE | |||
r-release-windows-x86_64 | 0.0.11 | 35.00 | 141.00 | 176.00 | OK | |
r-oldrel-macos-arm64 | 0.0.11 | 48.00 | NOTE | |||
r-oldrel-macos-x86_64 | 0.0.11 | 84.00 | NOTE | |||
r-oldrel-windows-ix86+x86_64 | 0.0.11 | 28.00 | 128.00 | 156.00 | OK |
Version: 0.0.11
Check: dependencies in R code
Result: NOTE
Namespace in Imports field not imported from: ‘seqinr’
All declared Imports should be used.
Flavors: r-devel-linux-x86_64-fedora-clang, r-devel-linux-x86_64-fedora-gcc, r-release-macos-arm64, r-release-macos-x86_64, r-oldrel-macos-arm64, r-oldrel-macos-x86_64