Last updated on 2023-03-28 06:51:19 CEST.
Flavor | Version | Tinstall | Tcheck | Ttotal | Status | Flags |
---|---|---|---|---|---|---|
r-devel-linux-x86_64-debian-clang | 0.2.1 | 11.86 | 228.58 | 240.44 | NOTE | |
r-devel-linux-x86_64-debian-gcc | 0.2.1 | 9.62 | 195.14 | 204.76 | NOTE | |
r-devel-linux-x86_64-fedora-clang | 0.2.1 | 320.03 | NOTE | |||
r-devel-linux-x86_64-fedora-gcc | 0.2.1 | 364.36 | NOTE | |||
r-patched-linux-x86_64 | 0.2.1 | 13.30 | 246.23 | 259.53 | NOTE | |
r-release-linux-x86_64 | 0.2.1 | 8.00 | 239.99 | 247.99 | OK | |
r-release-macos-arm64 | 0.2.1 | 93.00 | OK | |||
r-release-macos-x86_64 | 0.2.1 | 146.00 | OK | |||
r-release-windows-x86_64 | 0.2.1 | 57.00 | 312.00 | 369.00 | OK | |
r-oldrel-macos-arm64 | 0.2.1 | 90.00 | OK | |||
r-oldrel-macos-x86_64 | 0.2.1 | 120.00 | OK | |||
r-oldrel-windows-ix86+x86_64 | 0.2.1 | 28.00 | 322.00 | 350.00 | OK |
Version: 0.2.1
Check: Rd files
Result: NOTE
checkRd: (-1) ir_to_transmittance.Rd:49: Escaped LaTeX specials: \&
Flavors: r-devel-linux-x86_64-debian-clang, r-devel-linux-x86_64-debian-gcc, r-devel-linux-x86_64-fedora-clang, r-devel-linux-x86_64-fedora-gcc, r-patched-linux-x86_64