CRAN Package Check Results for Package irrNA

Last updated on 2020-08-05 06:47:26 CEST.

Flavor Version Tinstall Tcheck Ttotal Status Flags
r-devel-linux-x86_64-debian-clang 0.1.4 3.64 23.10 26.74 OK
r-devel-linux-x86_64-debian-gcc 0.1.4 2.58 18.02 20.60 OK
r-devel-linux-x86_64-fedora-clang 0.1.4 40.45 NOTE
r-devel-linux-x86_64-fedora-gcc 0.1.4 30.73 NOTE
r-devel-windows-ix86+x86_64 0.1.4 8.00 34.00 42.00 OK
r-patched-linux-x86_64 0.1.4 3.32 23.19 26.51 OK
r-patched-solaris-x86 0.1.4 45.40 NOTE
r-release-linux-x86_64 0.1.4 3.42 23.31 26.73 OK
r-release-macos-x86_64 0.1.4 NOTE
r-release-windows-ix86+x86_64 0.1.4 7.00 34.00 41.00 OK
r-oldrel-macos-x86_64 0.1.4 NOTE
r-oldrel-windows-ix86+x86_64 0.1.4 21.00 44.00 65.00 OK

Check Details

Version: 0.1.4
Check: dependencies in R code
Result: NOTE
    Namespace in Imports field not imported from: ‘irr’
     All declared Imports should be used.
Flavors: r-devel-linux-x86_64-fedora-clang, r-devel-linux-x86_64-fedora-gcc, r-patched-solaris-x86, r-release-macos-x86_64, r-oldrel-macos-x86_64