CRAN Package Check Results for Package irrNA

Last updated on 2024-02-26 07:50:04 CET.

Flavor Version Tinstall Tcheck Ttotal Status Flags
r-devel-linux-x86_64-debian-clang 0.2.3 3.49 27.19 30.68 OK
r-devel-linux-x86_64-debian-gcc 0.2.3 2.10 21.25 23.35 OK
r-devel-linux-x86_64-fedora-clang 0.2.3 38.33 NOTE
r-devel-linux-x86_64-fedora-gcc 0.2.3 36.91 OK
r-devel-windows-x86_64 0.2.3 4.00 44.00 48.00 OK
r-patched-linux-x86_64 0.2.3 2.96 26.83 29.79 OK
r-release-linux-x86_64 0.2.3 3.49 26.58 30.07 OK
r-release-macos-arm64 0.2.3 18.00 OK
r-release-macos-x86_64 0.2.3 23.00 OK
r-release-windows-x86_64 0.2.3 7.00 43.00 50.00 OK
r-oldrel-macos-arm64 0.2.3 20.00 OK
r-oldrel-windows-x86_64 0.2.3 6.00 50.00 56.00 OK

Check Details

Version: 0.2.3
Check: Rd cross-references
Result: NOTE Undeclared package ‘irr’ in Rd xrefs Flavor: r-devel-linux-x86_64-fedora-clang