CRAN Package Check Results for Package irt

Last updated on 2023-09-24 07:55:11 CEST.

Flavor Version Tinstall Tcheck Ttotal Status Flags
r-devel-linux-x86_64-debian-clang 0.2.7 219.96 214.60 434.56 NOTE
r-devel-linux-x86_64-debian-gcc 0.2.7 165.40 159.86 325.26 NOTE
r-devel-linux-x86_64-fedora-clang 0.2.7 619.67 NOTE
r-devel-linux-x86_64-fedora-gcc 0.2.7 645.48 NOTE
r-devel-windows-x86_64 0.2.7 136.00 207.00 343.00 NOTE
r-patched-linux-x86_64 0.2.7 233.92 207.48 441.40 NOTE
r-release-linux-x86_64 0.2.7 215.00 211.26 426.26 NOTE
r-release-macos-arm64 0.2.7 135.00 NOTE
r-release-macos-x86_64 0.2.7 271.00 NOTE
r-release-windows-x86_64 0.2.7 155.00 260.00 415.00 NOTE
r-oldrel-macos-arm64 0.2.7 127.00 NOTE
r-oldrel-macos-x86_64 0.2.7 172.00 NOTE
r-oldrel-windows-x86_64 0.2.7 208.00 234.00 442.00 OK

Check Details

Version: 0.2.7
Check: C++ specification
Result: NOTE
     Specified C++11: please drop specification unless essential
Flavors: r-devel-linux-x86_64-debian-clang, r-devel-linux-x86_64-debian-gcc, r-devel-linux-x86_64-fedora-clang, r-devel-linux-x86_64-fedora-gcc, r-devel-windows-x86_64, r-patched-linux-x86_64, r-release-linux-x86_64, r-release-macos-arm64, r-release-macos-x86_64, r-release-windows-x86_64

Version: 0.2.7
Check: Rd \usage sections
Result: NOTE
    Documented arguments not in \usage in documentation object 'print.cat_output':
     ‘object’
    
    Documented arguments not in \usage in documentation object '[[<-,Itempool,numeric,missing-method':
     ‘...’
    
    Documented arguments not in \usage in documentation object '[[<-,Response_set,numeric,missing-method':
     ‘...’
    
    Documented arguments not in \usage in documentation object '[[<-,Testlet,numeric,missing-method':
     ‘...’
    
    Functions with \usage entries need to have the appropriate \alias
    entries, and all their arguments documented.
    The \usage entries must correspond to syntactically valid R code.
    See chapter ‘Writing R documentation files’ in the ‘Writing R
    Extensions’ manual.
    S3 methods shown with full name in documentation object 'print.Item':
     ‘print.Item’
    
    The \usage entries for S3 methods should use the \method markup and not
    their full name.
    See chapter ‘Writing R documentation files’ in the ‘Writing R
    Extensions’ manual.
Flavors: r-devel-linux-x86_64-debian-clang, r-devel-linux-x86_64-debian-gcc, r-devel-linux-x86_64-fedora-clang, r-devel-linux-x86_64-fedora-gcc, r-devel-windows-x86_64

Version: 0.2.7
Check: Rd \usage sections
Result: NOTE
    S3 methods shown with full name in documentation object 'print.Item':
     ‘print.Item’
    
    The \usage entries for S3 methods should use the \method markup and not
    their full name.
    See chapter ‘Writing R documentation files’ in the ‘Writing R
    Extensions’ manual.
Flavors: r-patched-linux-x86_64, r-release-linux-x86_64, r-release-macos-arm64, r-release-macos-x86_64, r-release-windows-x86_64

Version: 0.2.7
Check: installed package size
Result: NOTE
     installed size is 10.0Mb
     sub-directories of 1Mb or more:
     libs 8.4Mb
Flavors: r-release-macos-arm64, r-release-macos-x86_64, r-oldrel-macos-arm64, r-oldrel-macos-x86_64