Last updated on 2023-01-27 07:50:35 CET.
Flavor | Version | Tinstall | Tcheck | Ttotal | Status | Flags |
---|---|---|---|---|---|---|
r-devel-linux-x86_64-debian-clang | 0.2.7 | 225.02 | 216.60 | 441.62 | OK | |
r-devel-linux-x86_64-debian-gcc | 0.2.7 | 183.78 | 156.77 | 340.55 | NOTE | |
r-devel-linux-x86_64-fedora-clang | 0.2.7 | 642.08 | OK | |||
r-devel-linux-x86_64-fedora-gcc | 0.2.7 | 625.68 | NOTE | |||
r-devel-windows-x86_64 | 0.2.7 | 229.00 | 280.00 | 509.00 | OK | |
r-patched-linux-x86_64 | 0.2.7 | 193.33 | 193.28 | 386.61 | OK | |
r-release-linux-x86_64 | 0.2.7 | 195.24 | 189.02 | 384.26 | OK | |
r-release-macos-arm64 | 0.2.7 | 137.00 | NOTE | |||
r-release-macos-x86_64 | 0.2.7 | 172.00 | NOTE | |||
r-release-windows-x86_64 | 0.2.7 | 222.00 | 277.00 | 499.00 | OK | |
r-oldrel-macos-arm64 | 0.2.7 | 133.00 | NOTE | |||
r-oldrel-macos-x86_64 | 0.2.7 | 180.00 | NOTE | |||
r-oldrel-windows-ix86+x86_64 | 0.2.7 | 503.00 | 344.00 | 847.00 | NOTE |
Version: 0.2.7
Check: C++ specification
Result: NOTE
Specified C++11: please update to current default of C++17
Flavors: r-devel-linux-x86_64-debian-gcc, r-devel-linux-x86_64-fedora-gcc
Version: 0.2.7
Check: installed package size
Result: NOTE
installed size is 9.9Mb
sub-directories of 1Mb or more:
libs 8.3Mb
Flavors: r-release-macos-arm64, r-release-macos-x86_64, r-oldrel-macos-arm64, r-oldrel-macos-x86_64, r-oldrel-windows-ix86+x86_64